{"id":32730,"date":"2022-01-24T14:44:03","date_gmt":"2022-01-24T13:44:03","guid":{"rendered":"http:\/\/www.vestec.cz.uvirt131.active24.cz\/?post_type=events&#038;p=32730"},"modified":"2022-01-24T14:44:03","modified_gmt":"2022-01-24T13:44:03","slug":"zasedani-zastupitelstva-obce-3","status":"publish","type":"events","link":"https:\/\/vestec.cz\/de\/events\/zasedani-zastupitelstva-obce-3\/","title":{"rendered":"Sitzungen des Gemeinderats"},"content":{"rendered":"<p>Die \u00f6ffentliche Sitzung des Gemeinderats von Vestec findet am Mittwoch, den 16.02.2022 um 18:30 Uhr im B\u00fcro des B\u00fcrgermeisters statt.<\/p>","protected":false},"template":"","acf":{"datum":"2022-02-16","uvodni_obrazek":false},"_links":{"self":[{"href":"https:\/\/vestec.cz\/de\/wp-json\/wp\/v2\/events\/32730"}],"collection":[{"href":"https:\/\/vestec.cz\/de\/wp-json\/wp\/v2\/events"}],"about":[{"href":"https:\/\/vestec.cz\/de\/wp-json\/wp\/v2\/types\/events"}],"wp:attachment":[{"href":"https:\/\/vestec.cz\/de\/wp-json\/wp\/v2\/media?parent=32730"}],"curies":[{"name":"wp","href":"https:\/\/api.w.org\/{rel}","templated":true}]}}

<p>Die öffentliche Sitzung des Gemeinderats von Vestec findet am Mittwoch, den 16.02.2022 um 18:30 Uhr im Büro des Bürgermeisters statt.</p>
