{"id":33197,"date":"2022-04-13T09:56:18","date_gmt":"2022-04-13T07:56:18","guid":{"rendered":"http:\/\/www.vestec.cz.uvirt131.active24.cz\/?post_type=events&#038;p=33197"},"modified":"2022-05-30T15:23:24","modified_gmt":"2022-05-30T13:23:24","slug":"detsky-den","status":"publish","type":"events","link":"https:\/\/vestec.cz\/de\/events\/detsky-den\/","title":{"rendered":"Tag der Kinder"},"content":{"rendered":"<p>Der Sonntag 5.6. geh\u00f6rt den Kindern im Vestec. Sie k\u00f6nnen sich freuen auf <strong>Mischa R\u016f\u017ei\u010dkov\u00e1 Konzert<\/strong>zwei M\u00e4rchen <strong>KK-Theater<\/strong>, <strong>Majoretten, Slackshow<\/strong> - einen Kurs f\u00fcr das Gehen mit engen Gurten f\u00fcr Kinder, <strong>Blasen-Workshop,<\/strong>\u00a0<strong>aufblasbare Attraktionen und Ausstellung von kleinen Haustieren<\/strong>. Es werden zwei Aktivit\u00e4ten f\u00fcr Jung und Alt angeboten <strong>Pfade mit Aufgaben<\/strong> an das Alter der Kinder angepasst. V <strong>Zwergenwerkstatt<\/strong> Die Kinder k\u00f6nnen eine Zwergenm\u00fctze basteln und an einem Theater mit professionellen Schauspielern teilnehmen. Es wird auch eine beliebte <strong>Perlenwerkstatt<\/strong>.<\/p>\n<p>Wir beginnen um 14 Uhr auf der Wiese hinter dem Teich. Das Programm ist auf dem Faltblatt zu finden, \u00c4nderungen vorbehalten.<\/p>\n<p>Flugblatt: <a href=\"https:\/\/vestec.cz\/wp-content\/uploads\/2022\/04\/Detsky-den-2022-1.png\">Kindertag_2022<\/a><\/p>\n<p><img decoding=\"async\" loading=\"lazy\" class=\"alignnone wp-image-33676\" src=\"https:\/\/vestec.cz\/wp-content\/uploads\/2022\/04\/banera-zvirata-300x150.png\" alt=\"\" width=\"446\" height=\"223\" srcset=\"https:\/\/vestec.cz\/wp-content\/uploads\/2022\/04\/banera-zvirata-300x150.png 300w, https:\/\/vestec.cz\/wp-content\/uploads\/2022\/04\/banera-zvirata-1024x510.png 1024w, https:\/\/vestec.cz\/wp-content\/uploads\/2022\/04\/banera-zvirata-768x383.png 768w, https:\/\/vestec.cz\/wp-content\/uploads\/2022\/04\/banera-zvirata-18x9.png 18w, https:\/\/vestec.cz\/wp-content\/uploads\/2022\/04\/banera-zvirata-960x478.png 960w, https:\/\/vestec.cz\/wp-content\/uploads\/2022\/04\/banera-zvirata.png 1244w\" sizes=\"(max-width: 446px) 100vw, 446px\" \/><\/p>","protected":false},"template":"","acf":{"datum":"2022-06-05","uvodni_obrazek":"https:\/\/vestec.cz\/wp-content\/uploads\/2022\/02\/P1080356-e1649835836159-640x640.jpg"},"_links":{"self":[{"href":"https:\/\/vestec.cz\/de\/wp-json\/wp\/v2\/events\/33197"}],"collection":[{"href":"https:\/\/vestec.cz\/de\/wp-json\/wp\/v2\/events"}],"about":[{"href":"https:\/\/vestec.cz\/de\/wp-json\/wp\/v2\/types\/events"}],"wp:attachment":[{"href":"https:\/\/vestec.cz\/de\/wp-json\/wp\/v2\/media?parent=33197"}],"curies":[{"name":"wp","href":"https:\/\/api.w.org\/{rel}","templated":true}]}}

<p>Der Sonntag 5.6. gehört den Kindern im Vestec. Sie können sich freuen auf <strong>Mischa Růžičková Konzert</strong>zwei Märchen <strong>KK-Theater</strong>, <strong>Majoretten, Slackshow</strong> - einen Kurs für das Gehen mit engen Gurten für Kinder, <strong>Blasen-Workshop,</strong> <strong>aufblasbare Attraktionen und Ausstellung von kleinen Haustieren</strong>. Es werden zwei Aktivitäten für Jung und Alt angeboten <strong>Pfade mit Aufgaben</strong> an das Alter der Kinder angepasst. V <strong>Zwergenwerkstatt</strong> Die Kinder können eine Zwergenmütze basteln und an einem Theater mit professionellen Schauspielern teilnehmen. Es wird auch eine beliebte <strong>Perlenwerkstatt</strong>.</p>
<p>Wir beginnen um 14 Uhr auf der Wiese hinter dem Teich. Das Programm ist auf dem Faltblatt zu finden, Änderungen vorbehalten.</p>
<p>Flugblatt: <a href="https://vestec.cz/wp-content/uploads/2022/04/Detsky-den-2022-1.png">Kindertag_2022</a></p>
<p><img decoding="async" loading="lazy" class="alignnone wp-image-33676" src="https://vestec.cz/wp-content/uploads/2022/04/banera-zvirata-300x150.png" alt="" width="446" height="223" srcset="https://vestec.cz/wp-content/uploads/2022/04/banera-zvirata-300x150.png 300w, https://vestec.cz/wp-content/uploads/2022/04/banera-zvirata-1024x510.png 1024w, https://vestec.cz/wp-content/uploads/2022/04/banera-zvirata-768x383.png 768w, https://vestec.cz/wp-content/uploads/2022/04/banera-zvirata-18x9.png 18w, https://vestec.cz/wp-content/uploads/2022/04/banera-zvirata-960x478.png 960w, https://vestec.cz/wp-content/uploads/2022/04/banera-zvirata.png 1244w" sizes="(max-width: 446px) 100vw, 446px" /></p>
