{"id":34246,"date":"2022-11-09T10:56:13","date_gmt":"2022-11-09T09:56:13","guid":{"rendered":"http:\/\/www.vestec.cz.uvirt131.active24.cz\/?post_type=events&#038;p=34246"},"modified":"2022-11-09T15:48:59","modified_gmt":"2022-11-09T14:48:59","slug":"rozsviceni-vanocniho-stromu-2","status":"publish","type":"events","link":"https:\/\/vestec.cz\/de\/events\/rozsviceni-vanocniho-stromu-2\/","title":{"rendered":"Weihnachtsbaumbeleuchtung"},"content":{"rendered":"<p>Am ersten Adventssonntag, dem 27.11. um 18 Uhr, werden wir gemeinsam den Vestec-Weihnachtsbaum anz\u00fcnden - in der Vesteck\u00e1-Stra\u00dfe, in der N\u00e4he des Spielplatzes, in der N\u00e4he des Postamtes.<\/p>\n<p>Es wird ein reichhaltiges Programm vorbereitet:<\/p>\n<ul style=\"list-style-type: circle;\">\n<li>14.00 Uhr - Auftritt der Kinder des Kindergartens Vestec<\/li>\n<li>15:45 - Martina P\u00c1RTLOV\u00c1<\/li>\n<li>17 Uhr - Kate\u0159ina \u0158\u00cdHOV\u00c1<\/li>\n<li>18 Uhr - BELEUCHTUNG DES BAUMES<\/li>\n<li>18 Uhr - tschechische Weihnachtslieder des Chors Cancioneta Praga unter der Leitung von L. Jind\u0159ich<\/li>\n<\/ul>\n<p>Freuen Sie sich auch auf eine Weihnachtswerkstatt f\u00fcr Kinder (13 - 16 Uhr), einen Weihnachtsmarkt mit alten Weihnachtsbr\u00e4uchen, eine Verlosung von Aschenputtels Pantoffel oder das Postamt des Weihnachtsmanns.<\/p>\n<p>Der Lehrer aus dem M\u00e4rchen \"Drei N\u00fcsse f\u00fcr Aschenbr\u00f6del\" und andere Figuren aus diesem M\u00e4rchen begleiten Sie durch den Nachmittag.<\/p>\n<p>Erfrischungen und hei\u00dfe Getr\u00e4nke werden von \u00f6rtlichen Unternehmen bereitgestellt.<\/p>\n<p><a href=\"https:\/\/vestec.cz\/wp-content\/uploads\/2022\/10\/IMG-20221107-WA0014.jpg\">Merkblatt - Baumbeleuchtung_2022<\/a><\/p>","protected":false},"template":"","acf":{"datum":"2022-11-27","uvodni_obrazek":"https:\/\/vestec.cz\/wp-content\/uploads\/2021\/11\/vanoce_strom-640x640.jpg"},"_links":{"self":[{"href":"https:\/\/vestec.cz\/de\/wp-json\/wp\/v2\/events\/34246"}],"collection":[{"href":"https:\/\/vestec.cz\/de\/wp-json\/wp\/v2\/events"}],"about":[{"href":"https:\/\/vestec.cz\/de\/wp-json\/wp\/v2\/types\/events"}],"wp:attachment":[{"href":"https:\/\/vestec.cz\/de\/wp-json\/wp\/v2\/media?parent=34246"}],"curies":[{"name":"wp","href":"https:\/\/api.w.org\/{rel}","templated":true}]}}

<p>Am ersten Adventssonntag, dem 27.11. um 18 Uhr, werden wir gemeinsam den Vestec-Weihnachtsbaum anzünden - in der Vestecká-Straße, in der Nähe des Spielplatzes, in der Nähe des Postamtes.</p>
<p>Es wird ein reichhaltiges Programm vorbereitet:</p>
<ul style="list-style-type: circle;">
<li>14.00 Uhr - Auftritt der Kinder des Kindergartens Vestec</li>
<li>15:45 - Martina PÁRTLOVÁ</li>
<li>17 Uhr - Kateřina ŘÍHOVÁ</li>
<li>18 Uhr - BELEUCHTUNG DES BAUMES</li>
<li>18 Uhr - tschechische Weihnachtslieder des Chors Cancioneta Praga unter der Leitung von L. Jindřich</li>
</ul>
<p>Freuen Sie sich auch auf eine Weihnachtswerkstatt für Kinder (13 - 16 Uhr), einen Weihnachtsmarkt mit alten Weihnachtsbräuchen, eine Verlosung von Aschenputtels Pantoffel oder das Postamt des Weihnachtsmanns.</p>
<p>Der Lehrer aus dem Märchen "Drei Nüsse für Aschenbrödel" und andere Figuren aus diesem Märchen begleiten Sie durch den Nachmittag.</p>
<p>Erfrischungen und heiße Getränke werden von örtlichen Unternehmen bereitgestellt.</p>
<p><a href="https://vestec.cz/wp-content/uploads/2022/10/IMG-20221107-WA0014.jpg">Merkblatt - Baumbeleuchtung_2022</a></p>
