{"id":34943,"date":"2023-01-25T16:57:45","date_gmt":"2023-01-25T15:57:45","guid":{"rendered":"http:\/\/www.vestec.cz.uvirt131.active24.cz\/?post_type=events&#038;p=34943"},"modified":"2023-01-27T10:46:52","modified_gmt":"2023-01-27T09:46:52","slug":"diskuze-s-autory-studie-zelena-pater-a-naves-obce","status":"publish","type":"events","link":"https:\/\/vestec.cz\/de\/events\/diskuze-s-autory-studie-zelena-pater-a-naves-obce\/","title":{"rendered":"Diskussion mit den Autoren der Studie Green Spine und Dorfbesucher"},"content":{"rendered":"<p>Wir laden alle B\u00fcrgerinnen und B\u00fcrger zu einem Treffen mit den Verfassern der Studie \u00fcber die Gr\u00fcne Wirbels\u00e4ule und einer Pr\u00e4sentation der geplanten Verbesserungen des Dorfplatzes ein.<\/p>\n<p>Das Treffen findet am Mittwoch, den 15. Februar um 17:00 Uhr im gro\u00dfen Saal des BIOCEV-Komplexes, Pr\u016fmyslov\u00e1 595, Vestec, statt.<\/p>\n<p><a href=\"https:\/\/vestec.cz\/wp-content\/uploads\/2023\/01\/zelenaPater_Naves_230215.pdf\">plakat_gr\u00fcner_schwung_next_2023.pdf<\/a><\/p>","protected":false},"template":"","class_list":["post-34943","events","type-events","status-publish","hentry"],"acf":{"datum":"2023-02-15","uvodni_obrazek":"https:\/\/vestec.cz\/wp-content\/uploads\/2023\/01\/zelena_pater_prezBiocev_2022-640x640.png"},"_links":{"self":[{"href":"https:\/\/vestec.cz\/de\/wp-json\/wp\/v2\/events\/34943","targetHints":{"allow":["GET"]}}],"collection":[{"href":"https:\/\/vestec.cz\/de\/wp-json\/wp\/v2\/events"}],"about":[{"href":"https:\/\/vestec.cz\/de\/wp-json\/wp\/v2\/types\/events"}],"wp:attachment":[{"href":"https:\/\/vestec.cz\/de\/wp-json\/wp\/v2\/media?parent=34943"}],"curies":[{"name":"wp","href":"https:\/\/api.w.org\/{rel}","templated":true}]}}

<p>Wir laden alle Bürgerinnen und Bürger zu einem Treffen mit den Verfassern der Studie über die Grüne Wirbelsäule und einer Präsentation der geplanten Verbesserungen des Dorfplatzes ein.</p>
<p>Das Treffen findet am Mittwoch, den 15. Februar um 17:00 Uhr im großen Saal des BIOCEV-Komplexes, Průmyslová 595, Vestec, statt.</p>
<p><a href="https://vestec.cz/wp-content/uploads/2023/01/zelenaPater_Naves_230215.pdf">plakat_grüner_schwung_next_2023.pdf</a></p>
