{"id":39252,"date":"2025-04-17T15:37:11","date_gmt":"2025-04-17T13:37:11","guid":{"rendered":"https:\/\/vestec.cz\/?post_type=events&#038;p=39252"},"modified":"2025-04-17T15:37:11","modified_gmt":"2025-04-17T13:37:11","slug":"10-sraz-adoptacku-a-jejich-kamaradu","status":"publish","type":"events","link":"https:\/\/vestec.cz\/de\/events\/10-sraz-adoptacku-a-jejich-kamaradu\/","title":{"rendered":"10. ein Wiedersehen der Paten und ihrer Freunde"},"content":{"rendered":"<p>Der Verein PES nejv\u011brn\u011bj\u0161\u00ed p\u0159\u00edtel, z.s., organisiert das 10. Jahr des Adoptionstreffens. Es wird ein Tag voller Spa\u00df, guter Musik und Erfrischungen sein. Wir beginnen um 11:00 Uhr auf der Wiese hinter dem Teich.<\/p>","protected":false},"template":"","acf":{"datum":"2025-05-24","uvodni_obrazek":"https:\/\/vestec.cz\/wp-content\/uploads\/2025\/04\/10.sraz-adoptacku-640x640.jpg"},"_links":{"self":[{"href":"https:\/\/vestec.cz\/de\/wp-json\/wp\/v2\/events\/39252"}],"collection":[{"href":"https:\/\/vestec.cz\/de\/wp-json\/wp\/v2\/events"}],"about":[{"href":"https:\/\/vestec.cz\/de\/wp-json\/wp\/v2\/types\/events"}],"wp:attachment":[{"href":"https:\/\/vestec.cz\/de\/wp-json\/wp\/v2\/media?parent=39252"}],"curies":[{"name":"wp","href":"https:\/\/api.w.org\/{rel}","templated":true}]}}

<p>Der Verein PES nejvěrnější přítel, z.s., organisiert das 10. Jahr des Adoptionstreffens. Es wird ein Tag voller Spaß, guter Musik und Erfrischungen sein. Wir beginnen um 11:00 Uhr auf der Wiese hinter dem Teich.</p>
