{"id":39936,"date":"2025-08-15T15:12:47","date_gmt":"2025-08-15T13:12:47","guid":{"rendered":"https:\/\/vestec.cz\/?post_type=events&#038;p=39936"},"modified":"2025-09-12T11:27:28","modified_gmt":"2025-09-12T09:27:28","slug":"poznejte-dolnobrezansko","status":"publish","type":"events","link":"https:\/\/vestec.cz\/de\/events\/poznejte-dolnobrezansko\/","title":{"rendered":"Lernen Sie Dolnob\u0159e\u017esko kennen"},"content":{"rendered":"<p>Entdecken Sie die Vorteile der interkommunalen Zusammenarbeit des Gemeindeverbands Dolnob\u0159e\u017eansko, zu dem auch Vestec geh\u00f6rt. Gemeinsame Dienstleistungen bringen den Gemeinden nicht nur Einsparungen, sondern auch eine h\u00f6here Qualit\u00e4t der Dienstleistungen f\u00fcr ihre B\u00fcrger. Zu unseren gemeinsamen Interessen geh\u00f6ren beispielsweise die Planung einer besseren Fahrplankontinuit\u00e4t und einer h\u00f6heren Frequenz der Nahverkehrsverbindungen, die Sicherstellung von Verkehrsdienstleistungen f\u00fcr das gesamte Gebiet, eine effiziente kommunale Abfallwirtschaft oder die gemeinsame Nutzung von Energie, die allen B\u00fcrgern von Dolnob\u0159e\u017eansko Einsparungen bringt.<\/p>\n<p>Kommen Sie und erfahren Sie mehr! <strong>Am Samstag, den 13. September 2025 von 13 bis 18 Uhr auf der Wiese hinter dem Vestec-Teich freuen sich die B\u00fcrgermeister aller Gemeinden von Dolnob\u0159e\u017eany und ihre geladenen G\u00e4ste auf Ihr Kommen.<\/strong><\/p>\n<p>Im Rahmen des Begleitprogramms k\u00f6nnen Sie sich auf einen Verkehrsspielplatz mit der Stadtpolizei, interessante chemische Experimente, Aktivit\u00e4ten f\u00fcr Kinder, Auftritte von Vereinen und Schulen aus der Mikroregion Dolnob\u0159e\u017eansko, Vorf\u00fchrungen von Feuerwehrausr\u00fcstung oder eine Parade des Fuhrparks der technischen Dienste TSDB freuen. Der Eintritt ist frei.<\/p>\n<p>Auf der Wiese hinter der G\u00e4rtnerei wird ein Parkplatz eingerichtet, eine Karte wird auf Social Media verf\u00fcgbar sein.<\/p>\n<p><img decoding=\"async\" loading=\"lazy\" class=\"alignnone size-medium wp-image-39937\" src=\"https:\/\/vestec.cz\/wp-content\/uploads\/2025\/08\/dnyDolnob_250913_plakat_v1-212x300.png\" alt=\"\" width=\"212\" height=\"300\" srcset=\"https:\/\/vestec.cz\/wp-content\/uploads\/2025\/08\/dnyDolnob_250913_plakat_v1-212x300.png 212w, https:\/\/vestec.cz\/wp-content\/uploads\/2025\/08\/dnyDolnob_250913_plakat_v1-724x1024.png 724w, https:\/\/vestec.cz\/wp-content\/uploads\/2025\/08\/dnyDolnob_250913_plakat_v1-768x1086.png 768w, https:\/\/vestec.cz\/wp-content\/uploads\/2025\/08\/dnyDolnob_250913_plakat_v1-1086x1536.png 1086w, https:\/\/vestec.cz\/wp-content\/uploads\/2025\/08\/dnyDolnob_250913_plakat_v1-8x12.png 8w, https:\/\/vestec.cz\/wp-content\/uploads\/2025\/08\/dnyDolnob_250913_plakat_v1-764x1080.png 764w, https:\/\/vestec.cz\/wp-content\/uploads\/2025\/08\/dnyDolnob_250913_plakat_v1-382x540.png 382w, https:\/\/vestec.cz\/wp-content\/uploads\/2025\/08\/dnyDolnob_250913_plakat_v1-1320x1867.png 1320w, https:\/\/vestec.cz\/wp-content\/uploads\/2025\/08\/dnyDolnob_250913_plakat_v1.png 1414w\" sizes=\"(max-width: 212px) 100vw, 212px\" \/>\u00a0 \u00a0 \u00a0 \u00a0 <img decoding=\"async\" loading=\"lazy\" class=\"alignnone size-medium wp-image-40162\" src=\"https:\/\/vestec.cz\/wp-content\/uploads\/2025\/09\/program_Dolnobrezansko2025_fin-212x300.png\" alt=\"\" width=\"212\" height=\"300\" srcset=\"https:\/\/vestec.cz\/wp-content\/uploads\/2025\/09\/program_Dolnobrezansko2025_fin-212x300.png 212w, https:\/\/vestec.cz\/wp-content\/uploads\/2025\/09\/program_Dolnobrezansko2025_fin-724x1024.png 724w, https:\/\/vestec.cz\/wp-content\/uploads\/2025\/09\/program_Dolnobrezansko2025_fin-768x1086.png 768w, https:\/\/vestec.cz\/wp-content\/uploads\/2025\/09\/program_Dolnobrezansko2025_fin-1086x1536.png 1086w, https:\/\/vestec.cz\/wp-content\/uploads\/2025\/09\/program_Dolnobrezansko2025_fin-8x12.png 8w, https:\/\/vestec.cz\/wp-content\/uploads\/2025\/09\/program_Dolnobrezansko2025_fin-764x1080.png 764w, https:\/\/vestec.cz\/wp-content\/uploads\/2025\/09\/program_Dolnobrezansko2025_fin-382x540.png 382w, https:\/\/vestec.cz\/wp-content\/uploads\/2025\/09\/program_Dolnobrezansko2025_fin-1320x1867.png 1320w, https:\/\/vestec.cz\/wp-content\/uploads\/2025\/09\/program_Dolnobrezansko2025_fin.png 1414w\" sizes=\"(max-width: 212px) 100vw, 212px\" \/><\/p>\n<p><a href=\"https:\/\/vestec.cz\/wp-content\/uploads\/2025\/08\/dnyDolnob_250913_plakat_v1.png\">Poster_Dolnob\u0159e\u017eansko_250913Vestec.pdf<\/a><\/p>\n<p><a href=\"https:\/\/vestec.cz\/wp-content\/uploads\/2025\/09\/program_Dolnobrezansko2025_fin.pdf\">Programm_Dolnob\u0159e\u017eansko.pdf<\/a><\/p>","protected":false},"template":"","acf":{"datum":"2025-09-13","uvodni_obrazek":"https:\/\/vestec.cz\/wp-content\/uploads\/2025\/08\/dolnobrezanskoobr-e1659536020289-640x640.jpg"},"_links":{"self":[{"href":"https:\/\/vestec.cz\/de\/wp-json\/wp\/v2\/events\/39936"}],"collection":[{"href":"https:\/\/vestec.cz\/de\/wp-json\/wp\/v2\/events"}],"about":[{"href":"https:\/\/vestec.cz\/de\/wp-json\/wp\/v2\/types\/events"}],"wp:attachment":[{"href":"https:\/\/vestec.cz\/de\/wp-json\/wp\/v2\/media?parent=39936"}],"curies":[{"name":"wp","href":"https:\/\/api.w.org\/{rel}","templated":true}]}}

Lernen Sie Dolnobřežsko kennen

<p>Entdecken Sie die Vorteile der interkommunalen Zusammenarbeit des Gemeindeverbands Dolnobřežansko, zu dem auch Vestec gehört. Gemeinsame Dienstleistungen bringen den Gemeinden nicht nur Einsparungen, sondern auch eine höhere Qualität der Dienstleistungen für ihre Bürger. Zu unseren gemeinsamen Interessen gehören beispielsweise die Planung einer besseren Fahrplankontinuität und einer höheren Frequenz der Nahverkehrsverbindungen, die Sicherstellung von Verkehrsdienstleistungen für das gesamte Gebiet, eine effiziente kommunale Abfallwirtschaft oder die gemeinsame Nutzung von Energie, die allen Bürgern von Dolnobřežansko Einsparungen bringt.</p>
<p>Kommen Sie und erfahren Sie mehr! <strong>Am Samstag, den 13. September 2025 von 13 bis 18 Uhr auf der Wiese hinter dem Vestec-Teich freuen sich die Bürgermeister aller Gemeinden von Dolnobřežany und ihre geladenen Gäste auf Ihr Kommen.</strong></p>
<p>Im Rahmen des Begleitprogramms können Sie sich auf einen Verkehrsspielplatz mit der Stadtpolizei, interessante chemische Experimente, Aktivitäten für Kinder, Auftritte von Vereinen und Schulen aus der Mikroregion Dolnobřežansko, Vorführungen von Feuerwehrausrüstung oder eine Parade des Fuhrparks der technischen Dienste TSDB freuen. Der Eintritt ist frei.</p>
<p>Auf der Wiese hinter der Gärtnerei wird ein Parkplatz eingerichtet, eine Karte wird auf Social Media verfügbar sein.</p>
<p><img decoding="async" loading="lazy" class="alignnone size-medium wp-image-39937" src="https://vestec.cz/wp-content/uploads/2025/08/dnyDolnob_250913_plakat_v1-212x300.png" alt="" width="212" height="300" srcset="https://vestec.cz/wp-content/uploads/2025/08/dnyDolnob_250913_plakat_v1-212x300.png 212w, https://vestec.cz/wp-content/uploads/2025/08/dnyDolnob_250913_plakat_v1-724x1024.png 724w, https://vestec.cz/wp-content/uploads/2025/08/dnyDolnob_250913_plakat_v1-768x1086.png 768w, https://vestec.cz/wp-content/uploads/2025/08/dnyDolnob_250913_plakat_v1-1086x1536.png 1086w, https://vestec.cz/wp-content/uploads/2025/08/dnyDolnob_250913_plakat_v1-8x12.png 8w, https://vestec.cz/wp-content/uploads/2025/08/dnyDolnob_250913_plakat_v1-764x1080.png 764w, https://vestec.cz/wp-content/uploads/2025/08/dnyDolnob_250913_plakat_v1-382x540.png 382w, https://vestec.cz/wp-content/uploads/2025/08/dnyDolnob_250913_plakat_v1-1320x1867.png 1320w, https://vestec.cz/wp-content/uploads/2025/08/dnyDolnob_250913_plakat_v1.png 1414w" sizes="(max-width: 212px) 100vw, 212px" />        <img decoding="async" loading="lazy" class="alignnone size-medium wp-image-40162" src="https://vestec.cz/wp-content/uploads/2025/09/program_Dolnobrezansko2025_fin-212x300.png" alt="" width="212" height="300" srcset="https://vestec.cz/wp-content/uploads/2025/09/program_Dolnobrezansko2025_fin-212x300.png 212w, https://vestec.cz/wp-content/uploads/2025/09/program_Dolnobrezansko2025_fin-724x1024.png 724w, https://vestec.cz/wp-content/uploads/2025/09/program_Dolnobrezansko2025_fin-768x1086.png 768w, https://vestec.cz/wp-content/uploads/2025/09/program_Dolnobrezansko2025_fin-1086x1536.png 1086w, https://vestec.cz/wp-content/uploads/2025/09/program_Dolnobrezansko2025_fin-8x12.png 8w, https://vestec.cz/wp-content/uploads/2025/09/program_Dolnobrezansko2025_fin-764x1080.png 764w, https://vestec.cz/wp-content/uploads/2025/09/program_Dolnobrezansko2025_fin-382x540.png 382w, https://vestec.cz/wp-content/uploads/2025/09/program_Dolnobrezansko2025_fin-1320x1867.png 1320w, https://vestec.cz/wp-content/uploads/2025/09/program_Dolnobrezansko2025_fin.png 1414w" sizes="(max-width: 212px) 100vw, 212px" /></p>
<p><a href="https://vestec.cz/wp-content/uploads/2025/08/dnyDolnob_250913_plakat_v1.png">Poster_Dolnobřežansko_250913Vestec.pdf</a></p>
<p><a href="https://vestec.cz/wp-content/uploads/2025/09/program_Dolnobrezansko2025_fin.pdf">Programm_Dolnobřežansko.pdf</a></p>
