{"id":39947,"date":"2025-08-19T13:28:09","date_gmt":"2025-08-19T11:28:09","guid":{"rendered":"https:\/\/vestec.cz\/?post_type=events&#038;p=39947"},"modified":"2025-09-16T21:14:28","modified_gmt":"2025-09-16T19:14:28","slug":"uklidme-cesko-vestecky-uklid-jako-orientak","status":"publish","type":"events","link":"https:\/\/vestec.cz\/de\/events\/uklidme-cesko-vestecky-uklid-jako-orientak\/","title":{"rendered":"Wir r\u00e4umen in der Tschechischen Republik auf - Vestec cleaning als Orientierung"},"content":{"rendered":"<p>Die Gemeinde Vestec beteiligt sich am 20. September am Hauptputztag mit der Veranstaltung Vestec Cleaning as a landmark. Die Veranstaltung wird vom Vestec Training Center und dem RC Bar\u00e1\u010dek mitorganisiert, die mehrere Reinigungsrouten mit lustigen Herausforderungen aufstellen werden.<\/p>\n<p>Wir treffen uns um 9:30 Uhr - Einzelpersonen und Familien im Gemeinschaftsgarten, Hundeausf\u00fchrer auf dem Auslaufplatz. Sie k\u00f6nnen sich auf der Aufr\u00e4umungsseite anmelden: https:\/\/www.uklidmecesko.cz\/event\/50888<\/p>\n<p>Ab dem 15. September k\u00f6nnen die S\u00e4cke auch im Gemeindeb\u00fcro abgeholt werden.<\/p>\n<p>Am Nachmittag nach der Veranstaltung laden wir alle Freiwilligen ein, im Gemeinschaftsgarten und auf dem \u00dcbungsplatz Marshmallows zu r\u00f6sten.<\/p>\n<p><img decoding=\"async\" loading=\"lazy\" class=\"alignnone size-medium wp-image-39949\" src=\"https:\/\/vestec.cz\/wp-content\/uploads\/2025\/08\/Uklidme_Vestec_orientak_250920-212x300.jpg\" alt=\"\" width=\"212\" height=\"300\" srcset=\"https:\/\/vestec.cz\/wp-content\/uploads\/2025\/08\/Uklidme_Vestec_orientak_250920-212x300.jpg 212w, https:\/\/vestec.cz\/wp-content\/uploads\/2025\/08\/Uklidme_Vestec_orientak_250920-724x1024.jpg 724w, https:\/\/vestec.cz\/wp-content\/uploads\/2025\/08\/Uklidme_Vestec_orientak_250920-768x1086.jpg 768w, https:\/\/vestec.cz\/wp-content\/uploads\/2025\/08\/Uklidme_Vestec_orientak_250920-1086x1536.jpg 1086w, https:\/\/vestec.cz\/wp-content\/uploads\/2025\/08\/Uklidme_Vestec_orientak_250920-8x12.jpg 8w, https:\/\/vestec.cz\/wp-content\/uploads\/2025\/08\/Uklidme_Vestec_orientak_250920-764x1080.jpg 764w, https:\/\/vestec.cz\/wp-content\/uploads\/2025\/08\/Uklidme_Vestec_orientak_250920-382x540.jpg 382w, https:\/\/vestec.cz\/wp-content\/uploads\/2025\/08\/Uklidme_Vestec_orientak_250920-1320x1867.jpg 1320w, https:\/\/vestec.cz\/wp-content\/uploads\/2025\/08\/Uklidme_Vestec_orientak_250920.jpg 1414w\" sizes=\"(max-width: 212px) 100vw, 212px\" \/><\/p>\n<p><a href=\"https:\/\/vestec.cz\/wp-content\/uploads\/2025\/08\/Uklidme_Vestec_orientak_250920.pdf\">Poster_Aufr\u00e4umenCesko_Orientierung2025.pdf<\/a><\/p>","protected":false},"template":"","acf":{"datum":"2025-09-20","uvodni_obrazek":"https:\/\/vestec.cz\/wp-content\/uploads\/2022\/03\/UklidmeCesko-background02-640x640.png"},"_links":{"self":[{"href":"https:\/\/vestec.cz\/de\/wp-json\/wp\/v2\/events\/39947"}],"collection":[{"href":"https:\/\/vestec.cz\/de\/wp-json\/wp\/v2\/events"}],"about":[{"href":"https:\/\/vestec.cz\/de\/wp-json\/wp\/v2\/types\/events"}],"wp:attachment":[{"href":"https:\/\/vestec.cz\/de\/wp-json\/wp\/v2\/media?parent=39947"}],"curies":[{"name":"wp","href":"https:\/\/api.w.org\/{rel}","templated":true}]}}

Wir räumen in der Tschechischen Republik auf - Vestec cleaning als Orientierung

<p>Die Gemeinde Vestec beteiligt sich am 20. September am Hauptputztag mit der Veranstaltung Vestec Cleaning as a landmark. Die Veranstaltung wird vom Vestec Training Center und dem RC Baráček mitorganisiert, die mehrere Reinigungsrouten mit lustigen Herausforderungen aufstellen werden.</p>
<p>Wir treffen uns um 9:30 Uhr - Einzelpersonen und Familien im Gemeinschaftsgarten, Hundeausführer auf dem Auslaufplatz. Sie können sich auf der Aufräumungsseite anmelden: https://www.uklidmecesko.cz/event/50888</p>
<p>Ab dem 15. September können die Säcke auch im Gemeindebüro abgeholt werden.</p>
<p>Am Nachmittag nach der Veranstaltung laden wir alle Freiwilligen ein, im Gemeinschaftsgarten und auf dem Übungsplatz Marshmallows zu rösten.</p>
<p><img decoding="async" loading="lazy" class="alignnone size-medium wp-image-39949" src="https://vestec.cz/wp-content/uploads/2025/08/Uklidme_Vestec_orientak_250920-212x300.jpg" alt="" width="212" height="300" srcset="https://vestec.cz/wp-content/uploads/2025/08/Uklidme_Vestec_orientak_250920-212x300.jpg 212w, https://vestec.cz/wp-content/uploads/2025/08/Uklidme_Vestec_orientak_250920-724x1024.jpg 724w, https://vestec.cz/wp-content/uploads/2025/08/Uklidme_Vestec_orientak_250920-768x1086.jpg 768w, https://vestec.cz/wp-content/uploads/2025/08/Uklidme_Vestec_orientak_250920-1086x1536.jpg 1086w, https://vestec.cz/wp-content/uploads/2025/08/Uklidme_Vestec_orientak_250920-8x12.jpg 8w, https://vestec.cz/wp-content/uploads/2025/08/Uklidme_Vestec_orientak_250920-764x1080.jpg 764w, https://vestec.cz/wp-content/uploads/2025/08/Uklidme_Vestec_orientak_250920-382x540.jpg 382w, https://vestec.cz/wp-content/uploads/2025/08/Uklidme_Vestec_orientak_250920-1320x1867.jpg 1320w, https://vestec.cz/wp-content/uploads/2025/08/Uklidme_Vestec_orientak_250920.jpg 1414w" sizes="(max-width: 212px) 100vw, 212px" /></p>
<p><a href="https://vestec.cz/wp-content/uploads/2025/08/Uklidme_Vestec_orientak_250920.pdf">Poster_AufräumenCesko_Orientierung2025.pdf</a></p>
