{"id":40288,"date":"2025-09-25T14:32:44","date_gmt":"2025-09-25T12:32:44","guid":{"rendered":"https:\/\/vestec.cz\/?post_type=events&#038;p=40288"},"modified":"2025-09-25T14:32:44","modified_gmt":"2025-09-25T12:32:44","slug":"myslivecke-hony-3","status":"publish","type":"events","link":"https:\/\/vestec.cz\/de\/events\/myslivecke-hony-3\/","title":{"rendered":"Jagen und Jagen lassen"},"content":{"rendered":"<p>Heute finden im gesamten Revier Vestec Jagden statt. Bitte nehmen Sie Ihre Hunde an die Leine und seien Sie besonders vorsichtig, wenn Sie sich auf den Feldern und Stra\u00dfen zwischen Vestec und Hrn\u010d\u00ed\u0159 und Kunratice bewegen.<\/p>","protected":false},"template":"","acf":{"datum":"2025-12-13","uvodni_obrazek":"https:\/\/vestec.cz\/wp-content\/uploads\/2022\/11\/zbran_hon-640x640.jpg"},"_links":{"self":[{"href":"https:\/\/vestec.cz\/de\/wp-json\/wp\/v2\/events\/40288"}],"collection":[{"href":"https:\/\/vestec.cz\/de\/wp-json\/wp\/v2\/events"}],"about":[{"href":"https:\/\/vestec.cz\/de\/wp-json\/wp\/v2\/types\/events"}],"wp:attachment":[{"href":"https:\/\/vestec.cz\/de\/wp-json\/wp\/v2\/media?parent=40288"}],"curies":[{"name":"wp","href":"https:\/\/api.w.org\/{rel}","templated":true}]}}

<p>Heute finden im gesamten Revier Vestec Jagden statt. Bitte nehmen Sie Ihre Hunde an die Leine und seien Sie besonders vorsichtig, wenn Sie sich auf den Feldern und Straßen zwischen Vestec und Hrnčíř und Kunratice bewegen.</p>
