{"id":40295,"date":"2025-09-26T13:35:21","date_gmt":"2025-09-26T11:35:21","guid":{"rendered":"https:\/\/vestec.cz\/?post_type=events&#038;p=40295"},"modified":"2025-11-28T14:26:25","modified_gmt":"2025-11-28T13:26:25","slug":"rozsviceni-vanocniho-stromu-5","status":"publish","type":"events","link":"https:\/\/vestec.cz\/de\/events\/rozsviceni-vanocniho-stromu-5\/","title":{"rendered":"Weihnachtsbaumbeleuchtung"},"content":{"rendered":"<p>Das traditionelle Anz\u00fcnden des Vestecer Weihnachtsbaums auf dem Kinderspielplatz in Vestecka findet am Samstag, den 29. November 2025 statt.<\/p>\n<p>Freuen Sie sich auf den Auftritt des Chors Cancioneta Praga und der Kinder aus dem Kindergarten Vestec. Wir beginnen um 15:30 Uhr und werden den Baum gegen 17:40 Uhr mit dem Singen von tschechischen Weihnachtsliedern entz\u00fcnden.<\/p>\n<p>Begleitendes Programm f\u00fcr Kinder (Adventsgestecke, Quiz), <strong>lebende Krippe mit Kamel und Lama<\/strong>, <strong>kostenlose Fotokabine<\/strong>Engel mit einem Briefkasten f\u00fcr den Weihnachtsmann, Erfrischungen von der Gemeinde Vestec und Gl\u00fchwein und Punsch zum Aufw\u00e4rmen (in eigenen Tassen mit Rabatt). An den anderen St\u00e4nden kann man Weihnachtsschmuck kaufen oder etwas anderes Leckeres essen - Pfannkuchen, Trdeln\u00edk, hausgemachte W\u00fcrstchen aus der R\u00e4ucherei, guten Kaffee oder Hot Dogs.<\/p>\n<p>Die Vesteck\u00e1-Stra\u00dfe wird w\u00e4hrend der gesamten Dauer der Veranstaltung f\u00fcr den Fahrzeugverkehr gesperrt. Die Zufahrt zum Veranstaltungsort ist nur f\u00fcr Busse des \u00f6ffentlichen Nahverkehrs und Anwohner gestattet.<\/p>\n<p>&nbsp;<\/p>\n<p><img decoding=\"async\" loading=\"lazy\" class=\"alignnone size-medium wp-image-40578\" src=\"https:\/\/vestec.cz\/wp-content\/uploads\/2025\/09\/VESTEC_STROM-2025_VERZE2-212x300.jpg\" alt=\"\" width=\"212\" height=\"300\" srcset=\"https:\/\/vestec.cz\/wp-content\/uploads\/2025\/09\/VESTEC_STROM-2025_VERZE2-212x300.jpg 212w, https:\/\/vestec.cz\/wp-content\/uploads\/2025\/09\/VESTEC_STROM-2025_VERZE2-724x1024.jpg 724w, https:\/\/vestec.cz\/wp-content\/uploads\/2025\/09\/VESTEC_STROM-2025_VERZE2-768x1086.jpg 768w, https:\/\/vestec.cz\/wp-content\/uploads\/2025\/09\/VESTEC_STROM-2025_VERZE2-1086x1536.jpg 1086w, https:\/\/vestec.cz\/wp-content\/uploads\/2025\/09\/VESTEC_STROM-2025_VERZE2-1448x2048.jpg 1448w, https:\/\/vestec.cz\/wp-content\/uploads\/2025\/09\/VESTEC_STROM-2025_VERZE2-8x12.jpg 8w, https:\/\/vestec.cz\/wp-content\/uploads\/2025\/09\/VESTEC_STROM-2025_VERZE2-764x1080.jpg 764w, https:\/\/vestec.cz\/wp-content\/uploads\/2025\/09\/VESTEC_STROM-2025_VERZE2-382x540.jpg 382w, https:\/\/vestec.cz\/wp-content\/uploads\/2025\/09\/VESTEC_STROM-2025_VERZE2-1320x1867.jpg 1320w, https:\/\/vestec.cz\/wp-content\/uploads\/2025\/09\/VESTEC_STROM-2025_VERZE2-scaled.jpg 1810w\" sizes=\"(max-width: 212px) 100vw, 212px\" \/><\/p>\n<p><a href=\"https:\/\/vestec.cz\/wp-content\/uploads\/2025\/09\/VESTEC_STROM-2025_VERZE2-scaled.jpg\">Lit2025_Flyer<\/a><\/p>","protected":false},"template":"","acf":{"datum":"2025-11-29","uvodni_obrazek":"https:\/\/vestec.cz\/wp-content\/uploads\/2023\/12\/20231202_203245-640x640.jpg"},"_links":{"self":[{"href":"https:\/\/vestec.cz\/de\/wp-json\/wp\/v2\/events\/40295"}],"collection":[{"href":"https:\/\/vestec.cz\/de\/wp-json\/wp\/v2\/events"}],"about":[{"href":"https:\/\/vestec.cz\/de\/wp-json\/wp\/v2\/types\/events"}],"wp:attachment":[{"href":"https:\/\/vestec.cz\/de\/wp-json\/wp\/v2\/media?parent=40295"}],"curies":[{"name":"wp","href":"https:\/\/api.w.org\/{rel}","templated":true}]}}

<p>Das traditionelle Anzünden des Vestecer Weihnachtsbaums auf dem Kinderspielplatz in Vestecka findet am Samstag, den 29. November 2025 statt.</p>
<p>Freuen Sie sich auf den Auftritt des Chors Cancioneta Praga und der Kinder aus dem Kindergarten Vestec. Wir beginnen um 15:30 Uhr und werden den Baum gegen 17:40 Uhr mit dem Singen von tschechischen Weihnachtsliedern entzünden.</p>
<p>Begleitendes Programm für Kinder (Adventsgestecke, Quiz), <strong>lebende Krippe mit Kamel und Lama</strong>, <strong>kostenlose Fotokabine</strong>Engel mit einem Briefkasten für den Weihnachtsmann, Erfrischungen von der Gemeinde Vestec und Glühwein und Punsch zum Aufwärmen (in eigenen Tassen mit Rabatt). An den anderen Ständen kann man Weihnachtsschmuck kaufen oder etwas anderes Leckeres essen - Pfannkuchen, Trdelník, hausgemachte Würstchen aus der Räucherei, guten Kaffee oder Hot Dogs.</p>
<p>Die Vestecká-Straße wird während der gesamten Dauer der Veranstaltung für den Fahrzeugverkehr gesperrt. Die Zufahrt zum Veranstaltungsort ist nur für Busse des öffentlichen Nahverkehrs und Anwohner gestattet.</p>
<p>&nbsp;</p>
<p><img decoding="async" loading="lazy" class="alignnone size-medium wp-image-40578" src="https://vestec.cz/wp-content/uploads/2025/09/VESTEC_STROM-2025_VERZE2-212x300.jpg" alt="" width="212" height="300" srcset="https://vestec.cz/wp-content/uploads/2025/09/VESTEC_STROM-2025_VERZE2-212x300.jpg 212w, https://vestec.cz/wp-content/uploads/2025/09/VESTEC_STROM-2025_VERZE2-724x1024.jpg 724w, https://vestec.cz/wp-content/uploads/2025/09/VESTEC_STROM-2025_VERZE2-768x1086.jpg 768w, https://vestec.cz/wp-content/uploads/2025/09/VESTEC_STROM-2025_VERZE2-1086x1536.jpg 1086w, https://vestec.cz/wp-content/uploads/2025/09/VESTEC_STROM-2025_VERZE2-1448x2048.jpg 1448w, https://vestec.cz/wp-content/uploads/2025/09/VESTEC_STROM-2025_VERZE2-8x12.jpg 8w, https://vestec.cz/wp-content/uploads/2025/09/VESTEC_STROM-2025_VERZE2-764x1080.jpg 764w, https://vestec.cz/wp-content/uploads/2025/09/VESTEC_STROM-2025_VERZE2-382x540.jpg 382w, https://vestec.cz/wp-content/uploads/2025/09/VESTEC_STROM-2025_VERZE2-1320x1867.jpg 1320w, https://vestec.cz/wp-content/uploads/2025/09/VESTEC_STROM-2025_VERZE2-scaled.jpg 1810w" sizes="(max-width: 212px) 100vw, 212px" /></p>
<p><a href="https://vestec.cz/wp-content/uploads/2025/09/VESTEC_STROM-2025_VERZE2-scaled.jpg">Lit2025_Flyer</a></p>
