{"id":41108,"date":"2025-12-18T16:27:12","date_gmt":"2025-12-18T15:27:12","guid":{"rendered":"https:\/\/vestec.cz\/?post_type=events&#038;p=41108"},"modified":"2025-12-18T16:27:12","modified_gmt":"2025-12-18T15:27:12","slug":"hlasujte-pro-nas-vanocni-strom","status":"publish","type":"events","link":"https:\/\/vestec.cz\/de\/events\/hlasujte-pro-nas-vanocni-strom\/","title":{"rendered":"Stimmen Sie f\u00fcr unseren Weihnachtsbaum"},"content":{"rendered":"<p>Heute ist Ihre letzte Chance, f\u00fcr unseren Vestec-Weihnachtsbaum bei der Wahl zum sch\u00f6nsten Weihnachtsbaum der Region Mittelb\u00f6hmen zu stimmen! Stimmen Sie hier ab:<\/p>\n<p><a href=\"https:\/\/forms.gle\/n2eUAAk6UHtY7q139\">Wettbewerb um den sch\u00f6nsten Weihnachtsbaum SK<\/a><\/p>","protected":false},"template":"","acf":{"datum":"2025-12-31","uvodni_obrazek":"https:\/\/vestec.cz\/wp-content\/uploads\/2025\/12\/Vestec_2025-640x640.jpeg"},"_links":{"self":[{"href":"https:\/\/vestec.cz\/de\/wp-json\/wp\/v2\/events\/41108"}],"collection":[{"href":"https:\/\/vestec.cz\/de\/wp-json\/wp\/v2\/events"}],"about":[{"href":"https:\/\/vestec.cz\/de\/wp-json\/wp\/v2\/types\/events"}],"wp:attachment":[{"href":"https:\/\/vestec.cz\/de\/wp-json\/wp\/v2\/media?parent=41108"}],"curies":[{"name":"wp","href":"https:\/\/api.w.org\/{rel}","templated":true}]}}

Stimmen Sie für unseren Weihnachtsbaum

<p>Heute ist Ihre letzte Chance, für unseren Vestec-Weihnachtsbaum bei der Wahl zum schönsten Weihnachtsbaum der Region Mittelböhmen zu stimmen! Stimmen Sie hier ab:</p>
<p><a href="https://forms.gle/n2eUAAk6UHtY7q139">Wettbewerb um den schönsten Weihnachtsbaum SK</a></p>
