{"id":41110,"date":"2025-12-18T16:36:07","date_gmt":"2025-12-18T15:36:07","guid":{"rendered":"https:\/\/vestec.cz\/?post_type=events&#038;p=41110"},"modified":"2026-02-03T13:30:09","modified_gmt":"2026-02-03T12:30:09","slug":"masopust-4","status":"publish","type":"events","link":"https:\/\/vestec.cz\/de\/events\/masopust-4\/","title":{"rendered":"Faschingsdienstag"},"content":{"rendered":"<p>Masopustn\u00ed pr\u016fvod vyraz\u00ed ve 14 hod od budovy Sportovi\u0161t\u011b u fotbalov\u00e9ho h\u0159i\u0161t\u011b, p\u0159idejte se k n\u00e1m! V\u0161ichni soused\u00e9 jsou zv\u00e1ni. T\u011b\u0161\u00edme se na v\u0161echny masky, kter\u00e9 <strong>vyhodnot\u00edme po n\u00e1vratu<\/strong> pr\u016fvodu na Sportovi\u0161t\u011b asi okolo 16. hodiny.<\/p>\n<p>Od 16:15 na Sportovi\u0161ti <strong>vystoupen\u00ed um\u011bleck\u00e9 skupiny ch\u016fda\u0159\u016f \u017diva Poppy Teatre<\/strong>.<\/p>\n<p><strong>Program v hale od 16:15 hod<\/strong>: d\u011btsk\u00e1 diskot\u00e9ka s pavou\u010dkem Duh\u00e1\u010dkem, tvo\u0159en\u00ed, vyr\u00e1b\u011bn\u00ed, a od 16:50 si nenechte uj\u00edt vystoupen\u00ed ma\u017eoretek Sympa Vestec!<\/p>\n<p>Ofici\u00e1ln\u00ed program zakon\u010d\u00ed ji\u017e tradi\u010dn\u00ed vesteck\u00e9 zast\u0159elen\u00ed medv\u011bda v 17 hodin.<\/p>\n<p>Po celou dobu se m\u016f\u017eete t\u011b\u0161it na bohat\u00e9 ob\u010derstven\u00ed v pr\u016fvodu i na Sportovi\u0161ti a \u017eivou masopustn\u00ed hudbu. T\u011b\u0161\u00edme se na v\u00e1s (ide\u00e1ln\u011b v mask\u00e1ch)!<\/p>\n<p>Programm:<\/p>\n<p><img decoding=\"async\" loading=\"lazy\" class=\"alignnone size-medium wp-image-41280\" src=\"https:\/\/vestec.cz\/wp-content\/uploads\/2025\/12\/program_Masopust26-212x300.jpg\" alt=\"\" width=\"212\" height=\"300\" srcset=\"https:\/\/vestec.cz\/wp-content\/uploads\/2025\/12\/program_Masopust26-212x300.jpg 212w, https:\/\/vestec.cz\/wp-content\/uploads\/2025\/12\/program_Masopust26-724x1024.jpg 724w, https:\/\/vestec.cz\/wp-content\/uploads\/2025\/12\/program_Masopust26-768x1086.jpg 768w, https:\/\/vestec.cz\/wp-content\/uploads\/2025\/12\/program_Masopust26-1086x1536.jpg 1086w, https:\/\/vestec.cz\/wp-content\/uploads\/2025\/12\/program_Masopust26-1448x2048.jpg 1448w, https:\/\/vestec.cz\/wp-content\/uploads\/2025\/12\/program_Masopust26-8x12.jpg 8w, https:\/\/vestec.cz\/wp-content\/uploads\/2025\/12\/program_Masopust26-763x1080.jpg 763w, https:\/\/vestec.cz\/wp-content\/uploads\/2025\/12\/program_Masopust26-382x540.jpg 382w, https:\/\/vestec.cz\/wp-content\/uploads\/2025\/12\/program_Masopust26-1320x1867.jpg 1320w, https:\/\/vestec.cz\/wp-content\/uploads\/2025\/12\/program_Masopust26.jpg 1587w\" sizes=\"(max-width: 212px) 100vw, 212px\" \/><\/p>\n<p><a href=\"https:\/\/vestec.cz\/wp-content\/uploads\/2025\/12\/program_Masopust26.pdf\">Program_masopust2026.pdf<\/a><\/p>","protected":false},"template":"","acf":{"datum":"2026-02-07","uvodni_obrazek":"https:\/\/vestec.cz\/wp-content\/uploads\/2025\/03\/IMG_2793-640x640.jpg"},"_links":{"self":[{"href":"https:\/\/vestec.cz\/de\/wp-json\/wp\/v2\/events\/41110"}],"collection":[{"href":"https:\/\/vestec.cz\/de\/wp-json\/wp\/v2\/events"}],"about":[{"href":"https:\/\/vestec.cz\/de\/wp-json\/wp\/v2\/types\/events"}],"wp:attachment":[{"href":"https:\/\/vestec.cz\/de\/wp-json\/wp\/v2\/media?parent=41110"}],"curies":[{"name":"wp","href":"https:\/\/api.w.org\/{rel}","templated":true}]}}

<p>Masopustní průvod vyrazí ve 14 hod od budovy Sportoviště u fotbalového hřiště, přidejte se k nám! Všichni sousedé jsou zváni. Těšíme se na všechny masky, které <strong>vyhodnotíme po návratu</strong> průvodu na Sportoviště asi okolo 16. hodiny.</p>
<p>Od 16:15 na Sportovišti <strong>vystoupení umělecké skupiny chůdařů Živa Poppy Teatre</strong>.</p>
<p><strong>Program v hale od 16:15 hod</strong>: dětská diskotéka s pavoučkem Duháčkem, tvoření, vyrábění, a od 16:50 si nenechte ujít vystoupení mažoretek Sympa Vestec!</p>
<p>Oficiální program zakončí již tradiční vestecké zastřelení medvěda v 17 hodin.</p>
<p>Po celou dobu se můžete těšit na bohaté občerstvení v průvodu i na Sportovišti a živou masopustní hudbu. Těšíme se na vás (ideálně v maskách)!</p>
<p>Programm:</p>
<p><img decoding="async" loading="lazy" class="alignnone size-medium wp-image-41280" src="https://vestec.cz/wp-content/uploads/2025/12/program_Masopust26-212x300.jpg" alt="" width="212" height="300" srcset="https://vestec.cz/wp-content/uploads/2025/12/program_Masopust26-212x300.jpg 212w, https://vestec.cz/wp-content/uploads/2025/12/program_Masopust26-724x1024.jpg 724w, https://vestec.cz/wp-content/uploads/2025/12/program_Masopust26-768x1086.jpg 768w, https://vestec.cz/wp-content/uploads/2025/12/program_Masopust26-1086x1536.jpg 1086w, https://vestec.cz/wp-content/uploads/2025/12/program_Masopust26-1448x2048.jpg 1448w, https://vestec.cz/wp-content/uploads/2025/12/program_Masopust26-8x12.jpg 8w, https://vestec.cz/wp-content/uploads/2025/12/program_Masopust26-763x1080.jpg 763w, https://vestec.cz/wp-content/uploads/2025/12/program_Masopust26-382x540.jpg 382w, https://vestec.cz/wp-content/uploads/2025/12/program_Masopust26-1320x1867.jpg 1320w, https://vestec.cz/wp-content/uploads/2025/12/program_Masopust26.jpg 1587w" sizes="(max-width: 212px) 100vw, 212px" /></p>
<p><a href="https://vestec.cz/wp-content/uploads/2025/12/program_Masopust26.pdf">Program_masopust2026.pdf</a></p>
