{"id":41148,"date":"2025-12-31T18:31:44","date_gmt":"2025-12-31T17:31:44","guid":{"rendered":"https:\/\/vestec.cz\/?post_type=events&#038;p=41148"},"modified":"2025-12-31T18:31:44","modified_gmt":"2025-12-31T17:31:44","slug":"zasedani-zastupitelstva-obce-vestec-10","status":"publish","type":"events","link":"https:\/\/vestec.cz\/de\/events\/zasedani-zastupitelstva-obce-vestec-10\/","title":{"rendered":"Sitzung des Gemeinderats von Vestec"},"content":{"rendered":"<p>Die Sitzung des Gemeinderats von Vestec findet ab 18.30 Uhr im B\u00fcro des Vizeb\u00fcrgermeisters im Geb\u00e4ude der Gemeindeverwaltung, Vesteck\u00e1 3, statt.<\/p>","protected":false},"template":"","acf":{"datum":"2026-01-28","uvodni_obrazek":false},"_links":{"self":[{"href":"https:\/\/vestec.cz\/de\/wp-json\/wp\/v2\/events\/41148"}],"collection":[{"href":"https:\/\/vestec.cz\/de\/wp-json\/wp\/v2\/events"}],"about":[{"href":"https:\/\/vestec.cz\/de\/wp-json\/wp\/v2\/types\/events"}],"wp:attachment":[{"href":"https:\/\/vestec.cz\/de\/wp-json\/wp\/v2\/media?parent=41148"}],"curies":[{"name":"wp","href":"https:\/\/api.w.org\/{rel}","templated":true}]}}

<p>Die Sitzung des Gemeinderats von Vestec findet ab 18.30 Uhr im Büro des Vizebürgermeisters im Gebäude der Gemeindeverwaltung, Vestecká 3, statt.</p>
