{"id":42860,"date":"2026-08-31T18:16:44","date_gmt":"2026-08-31T16:16:44","guid":{"rendered":"https:\/\/vestec.cz\/?post_type=events&#038;p=42860"},"modified":"2026-08-31T18:18:28","modified_gmt":"2026-08-31T16:18:28","slug":"den-otevrenych-dveri-na-poste-v-machove-ulici","status":"publish","type":"events","link":"https:\/\/vestec.cz\/de\/events\/den-otevrenych-dveri-na-poste-v-machove-ulici\/","title":{"rendered":"Den otev\u0159en\u00fdch dve\u0159\u00ed na po\u0161t\u011b v M\u00e1chov\u011b ulici"},"content":{"rendered":"<p>V sobotu 5. 9. m\u016f\u017eete nav\u0161t\u00edvit novou po\u0161tu v ulici M\u00e1chova 855.<\/p>\n<p>V \u010dase 10:00 &#8211; 13:00 si m\u016f\u017eete prohl\u00e9dnout interi\u00e9r spole\u010dn\u00fdch prostor pro Po\u0161tu Partner Vestec a prodejnu Libe\u0159sk\u00fdch lah\u016fdek, kter\u00e9 zahajuj\u00ed sv\u00e9 provozy na t\u00e9to adrese v pond\u011bl\u00ed 7. 9. 2026. Libe\u0159sk\u00e9 lah\u016fdky budou m\u00edt ji\u017e tuto sobotu v\u00fdjime\u010dn\u011b otev\u0159eno.<\/p>\n<p>Otev\u00edrac\u00ed doba Libe\u0159sk\u00fdch lah\u016fdek a po\u0161ty pak bude v\u017edy od pond\u011bl\u00ed do p\u00e1tku v \u010dase 8:00 &#8211; 18:00 (s p\u0159est\u00e1vkou p\u0159es poledne), v pond\u011bl\u00ed a ve st\u0159edu dokonce do 19:00.<\/p>\n<p><a href=\"https:\/\/vestec.cz\/wp-content\/uploads\/2026\/07\/KZV_zari_posta.png\">DOD_posta_260905.png<\/a><\/p>","protected":false},"template":"","class_list":["post-42860","events","type-events","status-publish","hentry"],"acf":{"datum":"2026-09-05","uvodni_obrazek":"https:\/\/vestec.cz\/wp-content\/uploads\/2026\/08\/IMG_9980_posta-640x640.jpg"},"_links":{"self":[{"href":"https:\/\/vestec.cz\/de\/wp-json\/wp\/v2\/events\/42860","targetHints":{"allow":["GET"]}}],"collection":[{"href":"https:\/\/vestec.cz\/de\/wp-json\/wp\/v2\/events"}],"about":[{"href":"https:\/\/vestec.cz\/de\/wp-json\/wp\/v2\/types\/events"}],"wp:attachment":[{"href":"https:\/\/vestec.cz\/de\/wp-json\/wp\/v2\/media?parent=42860"}],"curies":[{"name":"wp","href":"https:\/\/api.w.org\/{rel}","templated":true}]}}

Den otevřených dveří na poště v Máchově ulici

<p>V sobotu 5. 9. můžete navštívit novou poštu v ulici Máchova 855.</p>
<p>V čase 10:00 &#8211; 13:00 si můžete prohlédnout interiér společných prostor pro Poštu Partner Vestec a prodejnu Libeřských lahůdek, které zahajují své provozy na této adrese v pondělí 7. 9. 2026. Libeřské lahůdky budou mít již tuto sobotu výjimečně otevřeno.</p>
<p>Otevírací doba Libeřských lahůdek a pošty pak bude vždy od pondělí do pátku v čase 8:00 &#8211; 18:00 (s přestávkou přes poledne), v pondělí a ve středu dokonce do 19:00.</p>
<p><a href="https://vestec.cz/wp-content/uploads/2026/07/KZV_zari_posta.png">DOD_posta_260905.png</a></p>
