{"id":42882,"date":"2026-09-02T14:32:40","date_gmt":"2026-09-02T12:32:40","guid":{"rendered":"https:\/\/vestec.cz\/?post_type=galleries&#038;p=42882"},"modified":"2026-09-02T16:49:11","modified_gmt":"2026-09-02T14:49:11","slug":"louceni-s-letem-2026","status":"publish","type":"galleries","link":"https:\/\/vestec.cz\/de\/galerie\/louceni-s-letem-2026\/","title":{"rendered":"Lou\u010den\u00ed s l\u00e9tem 2026"},"content":{"rendered":"","protected":false},"template":"","class_list":["post-42882","galleries","type-galleries","status-publish","hentry"],"acf":[],"_links":{"self":[{"href":"https:\/\/vestec.cz\/de\/wp-json\/wp\/v2\/galleries\/42882","targetHints":{"allow":["GET"]}}],"collection":[{"href":"https:\/\/vestec.cz\/de\/wp-json\/wp\/v2\/galleries"}],"about":[{"href":"https:\/\/vestec.cz\/de\/wp-json\/wp\/v2\/types\/galleries"}],"wp:attachment":[{"href":"https:\/\/vestec.cz\/de\/wp-json\/wp\/v2\/media?parent=42882"}],"curies":[{"name":"wp","href":"https:\/\/api.w.org\/{rel}","templated":true}]}}

Loučení s létem 2026
