{"id":31901,"date":"2021-09-13T17:36:01","date_gmt":"2021-09-13T15:36:01","guid":{"rendered":"http:\/\/www.vestec.cz.uvirt131.active24.cz\/?post_type=uredni_deska&#038;p=31901"},"modified":"2021-09-13T17:36:01","modified_gmt":"2021-09-13T15:36:01","slug":"financni-urad-pro-stredocesky-kraj-upozornuje-ze-doslo-k-novelizaci-zakona-c-338-1992-sb-o-dani-z-nemovitych-veci","status":"publish","type":"uredni_deska","link":"https:\/\/vestec.cz\/de\/uredni_deska\/financni-urad-pro-stredocesky-kraj-upozornuje-ze-doslo-k-novelizaci-zakona-c-338-1992-sb-o-dani-z-nemovitych-veci\/","title":{"rendered":"Das Finanzamt der Mittelb\u00f6hmischen Region m\u00f6chte Sie dar\u00fcber informieren, dass das Gesetz Nr. 338\/1992 Slg. \u00fcber die Grundsteuer ge\u00e4ndert wurde"},"content":{"rendered":"<p><a href=\"https:\/\/vestec.cz\/wp-content\/uploads\/2021\/09\/02082-Financni-urad-pro-strdocesky-kraj-ozn.pdf\">Informationen f\u00fcr Immobiliensteuerpflichtige \u00fcber die Anwendung der Befreiung nach \u00a7 4 Absatz 1 Buchstabe k des Grundsteuergesetzes f\u00fcr das Steuerjahr 2022<\/a><\/p>","protected":false},"template":"","class_list":["post-31901","uredni_deska","type-uredni_deska","status-publish","hentry"],"acf":[],"_links":{"self":[{"href":"https:\/\/vestec.cz\/de\/wp-json\/wp\/v2\/uredni_deska\/31901","targetHints":{"allow":["GET"]}}],"collection":[{"href":"https:\/\/vestec.cz\/de\/wp-json\/wp\/v2\/uredni_deska"}],"about":[{"href":"https:\/\/vestec.cz\/de\/wp-json\/wp\/v2\/types\/uredni_deska"}],"wp:attachment":[{"href":"https:\/\/vestec.cz\/de\/wp-json\/wp\/v2\/media?parent=31901"}],"curies":[{"name":"wp","href":"https:\/\/api.w.org\/{rel}","templated":true}]}}

Das Finanzamt der Mittelböhmischen Region möchte Sie darüber informieren, dass das Gesetz Nr. 338/1992 Slg. über die Grundsteuer geändert wurde

<p><a href="https://vestec.cz/wp-content/uploads/2021/09/02082-Financni-urad-pro-strdocesky-kraj-ozn.pdf">Informationen für Immobiliensteuerpflichtige über die Anwendung der Befreiung nach § 4 Absatz 1 Buchstabe k des Grundsteuergesetzes für das Steuerjahr 2022</a></p>
