{"id":35292,"date":"2023-04-04T15:55:41","date_gmt":"2023-04-04T13:55:41","guid":{"rendered":"http:\/\/www.vestec.cz.uvirt131.active24.cz\/?post_type=uredni_deska&#038;p=35292"},"modified":"2023-04-04T15:56:04","modified_gmt":"2023-04-04T13:56:04","slug":"verejnopravni-smlouva-o-poskytnuti-dotace-na-rok-2023-spolek-vesteckych-senioru","status":"publish","type":"uredni_deska","link":"https:\/\/vestec.cz\/de\/uredni_deska\/verejnopravni-smlouva-o-poskytnuti-dotace-na-rok-2023-spolek-vesteckych-senioru\/","title":{"rendered":"\u00d6ffentlicher Vertrag \u00fcber die Bereitstellung von Subventionen f\u00fcr das Jahr 2023 - Vereinigung der Vestec-Senioren"},"content":{"rendered":"<p>Die Gemeinde Vestec ver\u00f6ffentlicht einen \u00f6ffentlichen Auftrag \u00fcber die Gew\u00e4hrung eines zweckgebundenen Zuschusses in Form von nicht-investiven Mitteln f\u00fcr das Jahr 2023 f\u00fcr den Antragsteller, den Seniorenverband Vestec.<\/p>\n<p><a href=\"https:\/\/vestec.cz\/wp-content\/uploads\/2023\/04\/Spolek-vest.senioru.pdf\">Vertrag_2023_Vestec_SVS.pdf<\/a><\/p>","protected":false},"template":"","acf":[],"_links":{"self":[{"href":"https:\/\/vestec.cz\/de\/wp-json\/wp\/v2\/uredni_deska\/35292"}],"collection":[{"href":"https:\/\/vestec.cz\/de\/wp-json\/wp\/v2\/uredni_deska"}],"about":[{"href":"https:\/\/vestec.cz\/de\/wp-json\/wp\/v2\/types\/uredni_deska"}],"wp:attachment":[{"href":"https:\/\/vestec.cz\/de\/wp-json\/wp\/v2\/media?parent=35292"}],"curies":[{"name":"wp","href":"https:\/\/api.w.org\/{rel}","templated":true}]}}

Öffentlicher Vertrag über die Bereitstellung von Subventionen für das Jahr 2023 - Vereinigung der Vestec-Senioren

<p>Die Gemeinde Vestec veröffentlicht einen öffentlichen Auftrag über die Gewährung eines zweckgebundenen Zuschusses in Form von nicht-investiven Mitteln für das Jahr 2023 für den Antragsteller, den Seniorenverband Vestec.</p>
<p><a href="https://vestec.cz/wp-content/uploads/2023/04/Spolek-vest.senioru.pdf">Vertrag_2023_Vestec_SVS.pdf</a></p>
