{"id":36931,"date":"2024-02-14T17:25:26","date_gmt":"2024-02-14T16:25:26","guid":{"rendered":"https:\/\/vestec.cz\/?post_type=uredni_deska&#038;p=36931"},"modified":"2024-02-14T16:35:32","modified_gmt":"2024-02-14T15:35:32","slug":"rozhodnuti-povoleni-zvlastniho-uzivani-komunikace-masopust-2024","status":"publish","type":"uredni_deska","link":"https:\/\/vestec.cz\/de\/uredni_deska\/rozhodnuti-povoleni-zvlastniho-uzivani-komunikace-masopust-2024\/","title":{"rendered":"Entscheidung - Erlaubnis zur besonderen Stra\u00dfennutzung - Mardi Gras 2024"},"content":{"rendered":"<p>Die Gemeindeverwaltung Vestec als zust\u00e4ndige Stra\u00dfenverwaltungsbeh\u00f6rde in Sachen Gemeindestra\u00dfen genehmigt die Sondernutzung der Stra\u00dfe, U H\u0159i\u0161t\u011b, Na H\u0159i\u0161ti, Hrn\u010d\u00ed\u0159sk\u00e1, U Parku, Na Such\u00fdch und Pr\u016fb\u011b\u017en\u00e1 f\u00fcr die Kulturveranstaltung Vesteck\u00fd masopust am 17. Februar 2024 von 9:00 bis 22:00 Uhr.<\/p>\n<p>In den Stra\u00dfen U H\u0159i\u0161t\u011b und Na H\u0159i\u0161ti sowie im Teil der Hrn\u010d\u00ed\u0159sk\u00e1-Stra\u00dfe (Abschnitt Pr\u016fb\u011b\u017en\u00e1 - Na H\u0159i\u0161ti) wird der Verkehr durch ein Einfahrtsverbot eingeschr\u00e4nkt; nur st\u00e4ndige Einwohner und Organisatoren d\u00fcrfen einfahren.<\/p>\n<p>Der vollst\u00e4ndige Text ist im beigef\u00fcgten Dokument enthalten.<\/p>\n<p><a href=\"https:\/\/vestec.cz\/wp-content\/uploads\/2024\/02\/Rozh_ZUkomunikaci_masopust24.pdf\">ErlaubnisZU_Masopust.pdf<\/a><\/p>","protected":false},"template":"","acf":[],"_links":{"self":[{"href":"https:\/\/vestec.cz\/de\/wp-json\/wp\/v2\/uredni_deska\/36931"}],"collection":[{"href":"https:\/\/vestec.cz\/de\/wp-json\/wp\/v2\/uredni_deska"}],"about":[{"href":"https:\/\/vestec.cz\/de\/wp-json\/wp\/v2\/types\/uredni_deska"}],"wp:attachment":[{"href":"https:\/\/vestec.cz\/de\/wp-json\/wp\/v2\/media?parent=36931"}],"curies":[{"name":"wp","href":"https:\/\/api.w.org\/{rel}","templated":true}]}}

Entscheidung - Erlaubnis zur besonderen Straßennutzung - Mardi Gras 2024

<p>Die Gemeindeverwaltung Vestec als zuständige Straßenverwaltungsbehörde in Sachen Gemeindestraßen genehmigt die Sondernutzung der Straße, U Hřiště, Na Hřišti, Hrnčířská, U Parku, Na Suchých und Průběžná für die Kulturveranstaltung Vestecký masopust am 17. Februar 2024 von 9:00 bis 22:00 Uhr.</p>
<p>In den Straßen U Hřiště und Na Hřišti sowie im Teil der Hrnčířská-Straße (Abschnitt Průběžná - Na Hřišti) wird der Verkehr durch ein Einfahrtsverbot eingeschränkt; nur ständige Einwohner und Organisatoren dürfen einfahren.</p>
<p>Der vollständige Text ist im beigefügten Dokument enthalten.</p>
<p><a href="https://vestec.cz/wp-content/uploads/2024/02/Rozh_ZUkomunikaci_masopust24.pdf">ErlaubnisZU_Masopust.pdf</a></p>
