{"id":37351,"date":"2024-04-29T17:10:29","date_gmt":"2024-04-29T15:10:29","guid":{"rendered":"https:\/\/vestec.cz\/?post_type=uredni_deska&#038;p=37351"},"modified":"2024-04-29T17:10:29","modified_gmt":"2024-04-29T15:10:29","slug":"kalkulace-cen-pro-vodne-a-stocne-za-kalendarni-rok-2023-a-dosazene-skutecnosti-v-temze-roce","status":"publish","type":"uredni_deska","link":"https:\/\/vestec.cz\/de\/uredni_deska\/kalkulace-cen-pro-vodne-a-stocne-za-kalendarni-rok-2023-a-dosazene-skutecnosti-v-temze-roce\/","title":{"rendered":"Kalkulation der Preise f\u00fcr Wasser und Abwasser f\u00fcr das Kalenderjahr 2023 und die tats\u00e4chlichen Zahlen f\u00fcr dasselbe Jahr"},"content":{"rendered":"<p>Die Technischen Dienste der Dolnob\u0159e\u017eanska, s.r.o., ver\u00f6ffentlichen die Preiskalkulation f\u00fcr Wasser und Kanalisation f\u00fcr das Kalenderjahr 2023 und die im selben Jahr erzielten Ergebnisse.<\/p>\n<p><a href=\"https:\/\/vestec.cz\/wp-content\/uploads\/2024\/04\/TSDB_Vyuctovani_2023_VESTEC_ZONA_1_MZE_podepsana.pdf\">Vestec_z\u00f3na_1_2023.pdf<\/a><\/p>\n<p><a href=\"https:\/\/vestec.cz\/wp-content\/uploads\/2024\/04\/TSDB_Vyuctovani_2023_VESTEC_ZONA_2_MZE_podepsana.pdf\">Vestec_z\u00f3na_2_2023.pdf<\/a><\/p>","protected":false},"template":"","acf":[],"_links":{"self":[{"href":"https:\/\/vestec.cz\/de\/wp-json\/wp\/v2\/uredni_deska\/37351"}],"collection":[{"href":"https:\/\/vestec.cz\/de\/wp-json\/wp\/v2\/uredni_deska"}],"about":[{"href":"https:\/\/vestec.cz\/de\/wp-json\/wp\/v2\/types\/uredni_deska"}],"wp:attachment":[{"href":"https:\/\/vestec.cz\/de\/wp-json\/wp\/v2\/media?parent=37351"}],"curies":[{"name":"wp","href":"https:\/\/api.w.org\/{rel}","templated":true}]}}

Kalkulation der Preise für Wasser und Abwasser für das Kalenderjahr 2023 und die tatsächlichen Zahlen für dasselbe Jahr

<p>Die Technischen Dienste der Dolnobřežanska, s.r.o., veröffentlichen die Preiskalkulation für Wasser und Kanalisation für das Kalenderjahr 2023 und die im selben Jahr erzielten Ergebnisse.</p>
<p><a href="https://vestec.cz/wp-content/uploads/2024/04/TSDB_Vyuctovani_2023_VESTEC_ZONA_1_MZE_podepsana.pdf">Vestec_zóna_1_2023.pdf</a></p>
<p><a href="https://vestec.cz/wp-content/uploads/2024/04/TSDB_Vyuctovani_2023_VESTEC_ZONA_2_MZE_podepsana.pdf">Vestec_zóna_2_2023.pdf</a></p>
