{"id":37489,"date":"2024-05-10T13:35:36","date_gmt":"2024-05-10T11:35:36","guid":{"rendered":"https:\/\/vestec.cz\/?post_type=uredni_deska&#038;p=37489"},"modified":"2024-05-10T13:43:19","modified_gmt":"2024-05-10T11:43:19","slug":"verejnopravni-smlouva-o-poskytnuti-dotace-na-rok-2024-pocta-prvni-osobni-cyklisticka-talentova-akademie-z-s","status":"publish","type":"uredni_deska","link":"https:\/\/vestec.cz\/de\/uredni_deska\/verejnopravni-smlouva-o-poskytnuti-dotace-na-rok-2024-pocta-prvni-osobni-cyklisticka-talentova-akademie-z-s\/","title":{"rendered":"\u00d6ffentlich-rechtlicher Vertrag \u00fcber die Bereitstellung von Subventionen f\u00fcr das Jahr 2024 - POCTA - Prvn\u00ed osobn\u00ed cykl cykl cykl cyklov\u00e9 talentov\u00e1 akademie, z.s."},"content":{"rendered":"<p>Die Gemeinde Vestec ver\u00f6ffentlicht <a href=\"https:\/\/vestec.cz\/wp-content\/uploads\/2024\/05\/2024_04_36_POCTA.pdf\">\u00d6ffentlicher Auftrag \u00fcber die Gew\u00e4hrung eines Zuschusses aus dem Haushalt der Gemeinde Vestec - POCTA - Prvn\u00ed osobn\u00ed cykl cykl cyklov\u00e9 talentov\u00e1 akademie, z.s.<\/a><\/p>","protected":false},"template":"","acf":[],"_links":{"self":[{"href":"https:\/\/vestec.cz\/de\/wp-json\/wp\/v2\/uredni_deska\/37489"}],"collection":[{"href":"https:\/\/vestec.cz\/de\/wp-json\/wp\/v2\/uredni_deska"}],"about":[{"href":"https:\/\/vestec.cz\/de\/wp-json\/wp\/v2\/types\/uredni_deska"}],"wp:attachment":[{"href":"https:\/\/vestec.cz\/de\/wp-json\/wp\/v2\/media?parent=37489"}],"curies":[{"name":"wp","href":"https:\/\/api.w.org\/{rel}","templated":true}]}}

Öffentlich-rechtlicher Vertrag über die Bereitstellung von Subventionen für das Jahr 2024 - POCTA - První osobní cykl cykl cykl cyklové talentová akademie, z.s.

<p>Die Gemeinde Vestec veröffentlicht <a href="https://vestec.cz/wp-content/uploads/2024/05/2024_04_36_POCTA.pdf">Öffentlicher Auftrag über die Gewährung eines Zuschusses aus dem Haushalt der Gemeinde Vestec - POCTA - První osobní cykl cykl cyklové talentová akademie, z.s.</a></p>
