{"id":37837,"date":"2024-07-12T11:54:57","date_gmt":"2024-07-12T09:54:57","guid":{"rendered":"https:\/\/vestec.cz\/?post_type=uredni_deska&#038;p=37837"},"modified":"2024-08-09T12:47:30","modified_gmt":"2024-08-09T10:47:30","slug":"oznameni-o-zverejneni-zaverecneho-uctu-za-rok-2023","status":"publish","type":"uredni_deska","link":"https:\/\/vestec.cz\/de\/uredni_deska\/oznameni-o-zverejneni-zaverecneho-uctu-za-rok-2023\/","title":{"rendered":"Ank\u00fcndigung der Ver\u00f6ffentlichung des Jahresabschlusses 2023"},"content":{"rendered":"<p>In \u00dcbereinstimmung mit dem Gesetz Nr. 250\/2000 Slg. \u00fcber die Haushaltsregeln der territorialen Haushalte in seiner ge\u00e4nderten Fassung teilt die Gemeinde Vestec mit, dass das oben genannte Dokument auf der Website der Gemeinde Vestec im Ordner <a href=\"https:\/\/vestec.cz\/de\/dokumenty\/rozpocet-obce\/\">Kommunaler Haushalt<\/a>.<\/p>\n<p><a href=\"https:\/\/vestec.cz\/wp-content\/uploads\/2024\/07\/Oznameni-o-zverejneni-zaverecneho-uctu_za-rok-2023.pdf\">Ank\u00fcndigung_der_Ver\u00f6ffentlichung_der_zaver_uctu2023.pdf<\/a><\/p>","protected":false},"template":"","acf":[],"_links":{"self":[{"href":"https:\/\/vestec.cz\/de\/wp-json\/wp\/v2\/uredni_deska\/37837"}],"collection":[{"href":"https:\/\/vestec.cz\/de\/wp-json\/wp\/v2\/uredni_deska"}],"about":[{"href":"https:\/\/vestec.cz\/de\/wp-json\/wp\/v2\/types\/uredni_deska"}],"wp:attachment":[{"href":"https:\/\/vestec.cz\/de\/wp-json\/wp\/v2\/media?parent=37837"}],"curies":[{"name":"wp","href":"https:\/\/api.w.org\/{rel}","templated":true}]}}

Ankündigung der Veröffentlichung des Jahresabschlusses 2023

<p>In Übereinstimmung mit dem Gesetz Nr. 250/2000 Slg. über die Haushaltsregeln der territorialen Haushalte in seiner geänderten Fassung teilt die Gemeinde Vestec mit, dass das oben genannte Dokument auf der Website der Gemeinde Vestec im Ordner <a href="https://vestec.cz/de/dokumenty/rozpocet-obce/">Kommunaler Haushalt</a>.</p>
<p><a href="https://vestec.cz/wp-content/uploads/2024/07/Oznameni-o-zverejneni-zaverecneho-uctu_za-rok-2023.pdf">Ankündigung_der_Veröffentlichung_der_zaver_uctu2023.pdf</a></p>
