{"id":38092,"date":"2024-09-04T17:36:01","date_gmt":"2024-09-04T15:36:01","guid":{"rendered":"https:\/\/vestec.cz\/?post_type=uredni_deska&#038;p=38092"},"modified":"2024-09-04T17:36:01","modified_gmt":"2024-09-04T15:36:01","slug":"oznameni-o-dobe-a-mistu-konani-voleb-do-zastupitelstva-stredoceskeho-kraje","status":"publish","type":"uredni_deska","link":"https:\/\/vestec.cz\/de\/uredni_deska\/oznameni-o-dobe-a-mistu-konani-voleb-do-zastupitelstva-stredoceskeho-kraje\/","title":{"rendered":"Bekanntgabe von Zeit und Ort der Wahlen zur Mittelb\u00f6hmischen Regionalversammlung"},"content":{"rendered":"<p>Gem\u00e4\u00df \u00a7 27 des Gesetzes Nr. 130\/2000 Slg. \u00fcber die Wahlen zu den Regionalr\u00e4ten und \u00fcber die \u00c4nderung bestimmter Gesetze in seiner ge\u00e4nderten Fassung, gibt der B\u00fcrgermeister der Gemeinde hiermit bekannt:<\/p>\n<ol>\n<li>Die Wahlen zur Mittelb\u00f6hmischen Regionalversammlung finden am Freitag, den 20. September 2024 von 14:00 bis 22:00 Uhr und am Samstag, den 21. September 2024 von 8:00 bis 14:00 Uhr statt,<\/li>\n<li>der Wahlort f\u00fcr alle Wahlberechtigten der Gemeinde Vestec ist das Geb\u00e4ude des Kindergartens Vestec, U H\u0159i\u0161t\u011b 576, 25250 Vestec,<\/li>\n<li>Der W\u00e4hler kann w\u00e4hlen, nachdem er seine Identit\u00e4t und die tschechische Staatsangeh\u00f6rigkeit nachgewiesen hat.<\/li>\n<\/ol>\n<p><a href=\"https:\/\/vestec.cz\/wp-content\/uploads\/2024\/09\/08_oznVOlby_UD_podeps.pdf\">Ozn_konaniWahlenProvinz2024.pdf<\/a><\/p>","protected":false},"template":"","acf":[],"_links":{"self":[{"href":"https:\/\/vestec.cz\/de\/wp-json\/wp\/v2\/uredni_deska\/38092"}],"collection":[{"href":"https:\/\/vestec.cz\/de\/wp-json\/wp\/v2\/uredni_deska"}],"about":[{"href":"https:\/\/vestec.cz\/de\/wp-json\/wp\/v2\/types\/uredni_deska"}],"wp:attachment":[{"href":"https:\/\/vestec.cz\/de\/wp-json\/wp\/v2\/media?parent=38092"}],"curies":[{"name":"wp","href":"https:\/\/api.w.org\/{rel}","templated":true}]}}

Bekanntgabe von Zeit und Ort der Wahlen zur Mittelböhmischen Regionalversammlung

<p>Gemäß § 27 des Gesetzes Nr. 130/2000 Slg. über die Wahlen zu den Regionalräten und über die Änderung bestimmter Gesetze in seiner geänderten Fassung, gibt der Bürgermeister der Gemeinde hiermit bekannt:</p>
<ol>
<li>Die Wahlen zur Mittelböhmischen Regionalversammlung finden am Freitag, den 20. September 2024 von 14:00 bis 22:00 Uhr und am Samstag, den 21. September 2024 von 8:00 bis 14:00 Uhr statt,</li>
<li>der Wahlort für alle Wahlberechtigten der Gemeinde Vestec ist das Gebäude des Kindergartens Vestec, U Hřiště 576, 25250 Vestec,</li>
<li>Der Wähler kann wählen, nachdem er seine Identität und die tschechische Staatsangehörigkeit nachgewiesen hat.</li>
</ol>
<p><a href="https://vestec.cz/wp-content/uploads/2024/09/08_oznVOlby_UD_podeps.pdf">Ozn_konaniWahlenProvinz2024.pdf</a></p>
