{"id":39691,"date":"2025-06-30T15:22:56","date_gmt":"2025-06-30T13:22:56","guid":{"rendered":"https:\/\/vestec.cz\/?post_type=uredni_deska&#038;p=39691"},"modified":"2025-07-01T08:38:27","modified_gmt":"2025-07-01T06:38:27","slug":"oznameni-verejnou-vyhlaskou-opatreni-obecne-povahy-stanoveni-prechodne-upravy-provozu-na-pozemni-komunikaci-vestecka-a-hrncirska","status":"publish","type":"uredni_deska","link":"https:\/\/vestec.cz\/de\/uredni_deska\/oznameni-verejnou-vyhlaskou-opatreni-obecne-povahy-stanoveni-prechodne-upravy-provozu-na-pozemni-komunikaci-vestecka-a-hrncirska\/","title":{"rendered":"\u00d6ffentliche Bekanntmachung - Ma\u00dfnahmen allgemeiner Art - Festlegung einer vor\u00fcbergehenden Verkehrsregelung auf der Stra\u00dfe - Vesteck\u00e1 und Hrn\u010d\u00ed\u0159sk\u00e1"},"content":{"rendered":"<p>\u010cerno\u0161ice Municipal Office, OS\u00da - Department of Transport and Communications Administration, auf der Grundlage des Vorschlags, der am 23. Juni 2025 von spol. J. L. T. - stavebn\u00ed spole\u010dnost, spol. s r.o., I\u010cO 45792348, nach Er\u00f6rterung mit der Polizei der Tschechischen Republik, Regionalpolizeidirektion der Mittelb\u00f6hmischen Region, Territorialabteilung Prag Rural - S\u00fcd, DI am 16. Juni 2025 und dem Verwalter der Stra\u00dfen der Klassen II und III, der Regionalverwaltung und Instandhaltung der Stra\u00dfen der Mittelb\u00f6hmischen Region, p.o., vom 26. Juni 2025, eine vor\u00fcbergehende Verkehrsregelung auf der Stra\u00dfe Nr. Vesteck\u00e1 und Hrn\u010d\u00ed\u0159sk\u00e1 f\u00fcr den Zeitraum vom 7. August 2025 bis zum 31. August 2025 aufgrund von \"Bauarbeiten auf der Stra\u00dfe Vesteck\u00e1\" im Bezirk von. Zdim\u011b\u0159ice u Prahy. Die \u00dcbergangsregelung wird gem\u00e4\u00df der vorgelegten genehmigten verkehrstechnischen Ma\u00dfnahme durchgef\u00fchrt, die eine Anlage und ein integraler Bestandteil dieser Bestimmung ist.<\/p>\n<p><a href=\"https:\/\/vestec.cz\/wp-content\/uploads\/2025\/07\/02192_Cernosice_OZN_Verejnou-vyhlaskou_Opatreni-obecne-povahy-c-209_2025.pdf\">02192_Ozn_VV_OOP_209_2025_Vestecka.pdf<\/a><\/p>\n<p><a href=\"https:\/\/vestec.cz\/wp-content\/uploads\/2025\/07\/02192_Cernosice_OZN_Verejnou-vyhlaskou_Opatreni-obecne-povahy-c-209_2025_mapka.pdf\">02192_OOP_209_2025_mapa_uzavirky.pdf<\/a><\/p>","protected":false},"template":"","acf":[],"_links":{"self":[{"href":"https:\/\/vestec.cz\/de\/wp-json\/wp\/v2\/uredni_deska\/39691"}],"collection":[{"href":"https:\/\/vestec.cz\/de\/wp-json\/wp\/v2\/uredni_deska"}],"about":[{"href":"https:\/\/vestec.cz\/de\/wp-json\/wp\/v2\/types\/uredni_deska"}],"wp:attachment":[{"href":"https:\/\/vestec.cz\/de\/wp-json\/wp\/v2\/media?parent=39691"}],"curies":[{"name":"wp","href":"https:\/\/api.w.org\/{rel}","templated":true}]}}

Öffentliche Bekanntmachung - Maßnahmen allgemeiner Art - Festlegung einer vorübergehenden Verkehrsregelung auf der Straße - Vestecká und Hrnčířská

<p>Černošice Municipal Office, OSÚ - Department of Transport and Communications Administration, auf der Grundlage des Vorschlags, der am 23. Juni 2025 von spol. J. L. T. - stavební společnost, spol. s r.o., IČO 45792348, nach Erörterung mit der Polizei der Tschechischen Republik, Regionalpolizeidirektion der Mittelböhmischen Region, Territorialabteilung Prag Rural - Süd, DI am 16. Juni 2025 und dem Verwalter der Straßen der Klassen II und III, der Regionalverwaltung und Instandhaltung der Straßen der Mittelböhmischen Region, p.o., vom 26. Juni 2025, eine vorübergehende Verkehrsregelung auf der Straße Nr. Vestecká und Hrnčířská für den Zeitraum vom 7. August 2025 bis zum 31. August 2025 aufgrund von "Bauarbeiten auf der Straße Vestecká" im Bezirk von. Zdiměřice u Prahy. Die Übergangsregelung wird gemäß der vorgelegten genehmigten verkehrstechnischen Maßnahme durchgeführt, die eine Anlage und ein integraler Bestandteil dieser Bestimmung ist.</p>
<p><a href="https://vestec.cz/wp-content/uploads/2025/07/02192_Cernosice_OZN_Verejnou-vyhlaskou_Opatreni-obecne-povahy-c-209_2025.pdf">02192_Ozn_VV_OOP_209_2025_Vestecka.pdf</a></p>
<p><a href="https://vestec.cz/wp-content/uploads/2025/07/02192_Cernosice_OZN_Verejnou-vyhlaskou_Opatreni-obecne-povahy-c-209_2025_mapka.pdf">02192_OOP_209_2025_mapa_uzavirky.pdf</a></p>
