{"id":40635,"date":"2025-10-29T08:58:40","date_gmt":"2025-10-29T07:58:40","guid":{"rendered":"https:\/\/vestec.cz\/?post_type=uredni_deska&#038;p=40635"},"modified":"2025-10-30T10:18:59","modified_gmt":"2025-10-30T09:18:59","slug":"oznameni-o-vyhlaseni-pravniho-predpisu-c-4-2025-zruseni-obecne-zavazne-vyhlasky-c-6-2011","status":"publish","type":"uredni_deska","link":"https:\/\/vestec.cz\/de\/uredni_deska\/oznameni-o-vyhlaseni-pravniho-predpisu-c-4-2025-zruseni-obecne-zavazne-vyhlasky-c-6-2011\/","title":{"rendered":"Bekanntmachung der Verk\u00fcndung des Gesetzesdekrets Nr. 4\/2025 - Allgemeinverbindliches Dekret zur Aufhebung des Allgemeinverbindlichen Dekrets Nr. 6\/2011"},"content":{"rendered":"<p>Das Innenministerium als Verwalter des Informationssystems Sammlung der Rechtsvorschriften der territorialen Selbstverwaltungseinheiten und einiger Verwaltungsbeh\u00f6rden informiert \u00fcber die Ver\u00f6ffentlichung der Rechtsvorschrift 24.9.2025 - Allgemeinverbindliche Verordnung zur Aufhebung der allgemeinverbindlichen Verordnung Nr. 6\/2011, herausgebender Rechtstr\u00e4ger: die Gemeinde Vestec, Verordnung Nr. 4\/2025, G\u00fcltigkeitsdatum: 7.11.2025.<\/p>\n<p><a href=\"https:\/\/vestec.cz\/wp-content\/uploads\/2025\/10\/zverejneni_pravni_predpis_-4_2025.pdf\">Ozn_Vorschriften_ 4\/2025_Vestec<\/a><\/p>","protected":false},"template":"","acf":[],"_links":{"self":[{"href":"https:\/\/vestec.cz\/de\/wp-json\/wp\/v2\/uredni_deska\/40635"}],"collection":[{"href":"https:\/\/vestec.cz\/de\/wp-json\/wp\/v2\/uredni_deska"}],"about":[{"href":"https:\/\/vestec.cz\/de\/wp-json\/wp\/v2\/types\/uredni_deska"}],"wp:attachment":[{"href":"https:\/\/vestec.cz\/de\/wp-json\/wp\/v2\/media?parent=40635"}],"curies":[{"name":"wp","href":"https:\/\/api.w.org\/{rel}","templated":true}]}}

Bekanntmachung der Verkündung des Gesetzesdekrets Nr. 4/2025 - Allgemeinverbindliches Dekret zur Aufhebung des Allgemeinverbindlichen Dekrets Nr. 6/2011

<p>Das Innenministerium als Verwalter des Informationssystems Sammlung der Rechtsvorschriften der territorialen Selbstverwaltungseinheiten und einiger Verwaltungsbehörden informiert über die Veröffentlichung der Rechtsvorschrift 24.9.2025 - Allgemeinverbindliche Verordnung zur Aufhebung der allgemeinverbindlichen Verordnung Nr. 6/2011, herausgebender Rechtsträger: die Gemeinde Vestec, Verordnung Nr. 4/2025, Gültigkeitsdatum: 7.11.2025.</p>
<p><a href="https://vestec.cz/wp-content/uploads/2025/10/zverejneni_pravni_predpis_-4_2025.pdf">Ozn_Vorschriften_ 4/2025_Vestec</a></p>
