{"id":41931,"date":"2026-04-27T13:04:10","date_gmt":"2026-04-27T11:04:10","guid":{"rendered":"https:\/\/vestec.cz\/?post_type=uredni_deska&#038;p=41931"},"modified":"2026-04-27T13:13:47","modified_gmt":"2026-04-27T11:13:47","slug":"rozpocet-dobrovolneho-svazku-obci-dolnobrezansko-na-rok-2026","status":"publish","type":"uredni_deska","link":"https:\/\/vestec.cz\/de\/uredni_deska\/rozpocet-dobrovolneho-svazku-obci-dolnobrezansko-na-rok-2026\/","title":{"rendered":"Rozpo\u010det Dobrovoln\u00e9ho svazku obc\u00ed Dolnob\u0159e\u017eansko na rok 2026"},"content":{"rendered":"<p>Rada Dobrovoln\u00e9ho svazku obc\u00ed Dolnob\u0159e\u017eansko schv\u00e1lila na sv\u00e9m zased\u00e1n\u00ed dne 10. 4. 2026 Rozpo\u010det DSO Dolnob\u0159e\u017eansko na rok 2026.<\/p>\n<p><a href=\"https:\/\/vestec.cz\/wp-content\/uploads\/2026\/04\/01700_Schvaleny_rozpocet_svazu_obci_2026.pdf\">01700_DSO_Dolnob\u0159e\u017eansko_rozpo\u010det2026.pdf<\/a><\/p>\n<p><a href=\"https:\/\/vestec.cz\/wp-content\/uploads\/2026\/04\/01700_zapis_o_schvaleni_rozpoctu_a_strednedobeho_planu.pdf\">01700_DSO_z\u00e1pis_zased\u00e1n\u00ed_RadaDSODolnobrezansko_260410.pdf<\/a><\/p>","protected":false},"template":"","acf":[],"_links":{"self":[{"href":"https:\/\/vestec.cz\/de\/wp-json\/wp\/v2\/uredni_deska\/41931"}],"collection":[{"href":"https:\/\/vestec.cz\/de\/wp-json\/wp\/v2\/uredni_deska"}],"about":[{"href":"https:\/\/vestec.cz\/de\/wp-json\/wp\/v2\/types\/uredni_deska"}],"wp:attachment":[{"href":"https:\/\/vestec.cz\/de\/wp-json\/wp\/v2\/media?parent=41931"}],"curies":[{"name":"wp","href":"https:\/\/api.w.org\/{rel}","templated":true}]}}

Rozpočet Dobrovolného svazku obcí Dolnobřežansko na rok 2026

<p>Rada Dobrovolného svazku obcí Dolnobřežansko schválila na svém zasedání dne 10. 4. 2026 Rozpočet DSO Dolnobřežansko na rok 2026.</p>
<p><a href="https://vestec.cz/wp-content/uploads/2026/04/01700_Schvaleny_rozpocet_svazu_obci_2026.pdf">01700_DSO_Dolnobřežansko_rozpočet2026.pdf</a></p>
<p><a href="https://vestec.cz/wp-content/uploads/2026/04/01700_zapis_o_schvaleni_rozpoctu_a_strednedobeho_planu.pdf">01700_DSO_zápis_zasedání_RadaDSODolnobrezansko_260410.pdf</a></p>
