{"id":42618,"date":"2026-07-17T12:55:16","date_gmt":"2026-07-17T10:55:16","guid":{"rendered":"https:\/\/vestec.cz\/?post_type=uredni_deska&#038;p=42618"},"modified":"2026-07-17T12:55:16","modified_gmt":"2026-07-17T10:55:16","slug":"oznameni-o-poctu-volenych-clenu-zastupitelstva-obce-vestec-pro-obdobi-2026-2030-a-o-poctu-podpisu-pro-petice-nezavislych-kandidatu-a-sdruzeni-nezavislych-kandidatu","status":"publish","type":"uredni_deska","link":"https:\/\/vestec.cz\/de\/uredni_deska\/oznameni-o-poctu-volenych-clenu-zastupitelstva-obce-vestec-pro-obdobi-2026-2030-a-o-poctu-podpisu-pro-petice-nezavislych-kandidatu-a-sdruzeni-nezavislych-kandidatu\/","title":{"rendered":"Ozn\u00e1men\u00ed o po\u010dtu volen\u00fdch \u010dlen\u016f Zastupitelstva obce Vestec pro obdob\u00ed 2026-2030 a o po\u010dtu podpis\u016f pro petice nez\u00e1visl\u00fdch kandid\u00e1t\u016f a sdru\u017een\u00ed nez\u00e1visl\u00fdch kandid\u00e1t\u016f"},"content":{"rendered":"<p>Starosta obce Vestec zve\u0159ej\u0148uje informaci, \u017ee pro volby do Zastupitelstva obce Vestec konan\u00e9 ve dnech 9. a 10. \u0159\u00edjna 2026 Zastupitelstvo obce Vestec na sv\u00e9m zased\u00e1n\u00ed dne 15. 4. 2026 usnesen\u00edm \u010d. 26\/20\/2 stanovilo po\u010det \u010dlen\u016f Zastupitelstva obce Vestec pro volebn\u00ed obdob\u00ed 2026 &#8211; 2030 na 15 \u010dlen\u016f zastupitelstva.<br \/>\nPo\u010det podpis\u016f na petici pro pod\u00e1n\u00ed kandid\u00e1tn\u00ed listiny nez\u00e1visl\u00e9ho kandid\u00e1ta a sdru\u017een\u00ed nez\u00e1visl\u00fdch kandid\u00e1t\u016f byl stanoven podle po\u010dtu voli\u010d\u016f k 1. 1. 2026 a pro obec Vestec (k\u00f3d obce 513458):<br \/>\n\u2022 pro nez\u00e1visl\u00e9ho kandid\u00e1ta: minim\u00e1ln\u011b 79 podpis\u016f,<br \/>\n\u2022 pro sdru\u017een\u00ed nez\u00e1visl\u00fdch kandid\u00e1t\u016f: minim\u00e1ln\u011b 137 podpis\u016f.<\/p>\n<p><a href=\"https:\/\/vestec.cz\/wp-content\/uploads\/2026\/07\/01_02_pocet_clenuZO_podpisy_starosta.pdf\">Ozn_volbyZO26_pocet_zastupitelu_podpisy.pdf<\/a><\/p>","protected":false},"template":"","class_list":["post-42618","uredni_deska","type-uredni_deska","status-publish","hentry"],"acf":[],"_links":{"self":[{"href":"https:\/\/vestec.cz\/de\/wp-json\/wp\/v2\/uredni_deska\/42618","targetHints":{"allow":["GET"]}}],"collection":[{"href":"https:\/\/vestec.cz\/de\/wp-json\/wp\/v2\/uredni_deska"}],"about":[{"href":"https:\/\/vestec.cz\/de\/wp-json\/wp\/v2\/types\/uredni_deska"}],"wp:attachment":[{"href":"https:\/\/vestec.cz\/de\/wp-json\/wp\/v2\/media?parent=42618"}],"curies":[{"name":"wp","href":"https:\/\/api.w.org\/{rel}","templated":true}]}}

Oznámení o počtu volených členů Zastupitelstva obce Vestec pro období 2026-2030 a o počtu podpisů pro petice nezávislých kandidátů a sdružení nezávislých kandidátů

<p>Starosta obce Vestec zveřejňuje informaci, že pro volby do Zastupitelstva obce Vestec konané ve dnech 9. a 10. října 2026 Zastupitelstvo obce Vestec na svém zasedání dne 15. 4. 2026 usnesením č. 26/20/2 stanovilo počet členů Zastupitelstva obce Vestec pro volební období 2026 &#8211; 2030 na 15 členů zastupitelstva.<br />
Počet podpisů na petici pro podání kandidátní listiny nezávislého kandidáta a sdružení nezávislých kandidátů byl stanoven podle počtu voličů k 1. 1. 2026 a pro obec Vestec (kód obce 513458):<br />
• pro nezávislého kandidáta: minimálně 79 podpisů,<br />
• pro sdružení nezávislých kandidátů: minimálně 137 podpisů.</p>
<p><a href="https://vestec.cz/wp-content/uploads/2026/07/01_02_pocet_clenuZO_podpisy_starosta.pdf">Ozn_volbyZO26_pocet_zastupitelu_podpisy.pdf</a></p>
