{"id":33197,"date":"2022-04-13T09:56:18","date_gmt":"2022-04-13T07:56:18","guid":{"rendered":"http:\/\/www.vestec.cz.uvirt131.active24.cz\/?post_type=events&#038;p=33197"},"modified":"2022-05-30T15:23:24","modified_gmt":"2022-05-30T13:23:24","slug":"detsky-den","status":"publish","type":"events","link":"https:\/\/vestec.cz\/en\/events\/detsky-den\/","title":{"rendered":"Children's Day"},"content":{"rendered":"<p>Sunday 5.6. will belong to children in Vestec. You can look forward to <strong>Mischa R\u016f\u017ei\u010dkov\u00e1 concert<\/strong>, two fairy tales <strong>KK Theatre<\/strong>, <strong>majorettes, slackshow<\/strong> - a course of tight-strap walking for children, <strong>bubble workshop,<\/strong>\u00a0<strong>inflatable attractions and exhibition of small domestic animals<\/strong>. There are two activities for young and old <strong>trails with tasks<\/strong> adapted to the age of the children. V <strong>Dwarf Workshop<\/strong> children can make a dwarf hat and take part in a theatre with professional actors. There will also be a popular <strong>bead workshop<\/strong>.<\/p>\n<p>We start at 2 pm in the meadow behind the pond. The programme can be found on the leaflet, subject to change.<\/p>\n<p>Flyer: <a href=\"https:\/\/vestec.cz\/wp-content\/uploads\/2022\/04\/Detsky-den-2022-1.png\">Children's Day_2022<\/a><\/p>\n<p><img decoding=\"async\" loading=\"lazy\" class=\"alignnone wp-image-33676\" src=\"https:\/\/vestec.cz\/wp-content\/uploads\/2022\/04\/banera-zvirata-300x150.png\" alt=\"\" width=\"446\" height=\"223\" srcset=\"https:\/\/vestec.cz\/wp-content\/uploads\/2022\/04\/banera-zvirata-300x150.png 300w, https:\/\/vestec.cz\/wp-content\/uploads\/2022\/04\/banera-zvirata-1024x510.png 1024w, https:\/\/vestec.cz\/wp-content\/uploads\/2022\/04\/banera-zvirata-768x383.png 768w, https:\/\/vestec.cz\/wp-content\/uploads\/2022\/04\/banera-zvirata-18x9.png 18w, https:\/\/vestec.cz\/wp-content\/uploads\/2022\/04\/banera-zvirata-960x478.png 960w, https:\/\/vestec.cz\/wp-content\/uploads\/2022\/04\/banera-zvirata.png 1244w\" sizes=\"(max-width: 446px) 100vw, 446px\" \/><\/p>","protected":false},"template":"","acf":{"datum":"2022-06-05","uvodni_obrazek":"https:\/\/vestec.cz\/wp-content\/uploads\/2022\/02\/P1080356-e1649835836159-640x640.jpg"},"_links":{"self":[{"href":"https:\/\/vestec.cz\/en\/wp-json\/wp\/v2\/events\/33197"}],"collection":[{"href":"https:\/\/vestec.cz\/en\/wp-json\/wp\/v2\/events"}],"about":[{"href":"https:\/\/vestec.cz\/en\/wp-json\/wp\/v2\/types\/events"}],"wp:attachment":[{"href":"https:\/\/vestec.cz\/en\/wp-json\/wp\/v2\/media?parent=33197"}],"curies":[{"name":"wp","href":"https:\/\/api.w.org\/{rel}","templated":true}]}}

<p>Sunday 5.6. will belong to children in Vestec. You can look forward to <strong>Mischa Růžičková concert</strong>, two fairy tales <strong>KK Theatre</strong>, <strong>majorettes, slackshow</strong> - a course of tight-strap walking for children, <strong>bubble workshop,</strong> <strong>inflatable attractions and exhibition of small domestic animals</strong>. There are two activities for young and old <strong>trails with tasks</strong> adapted to the age of the children. V <strong>Dwarf Workshop</strong> children can make a dwarf hat and take part in a theatre with professional actors. There will also be a popular <strong>bead workshop</strong>.</p>
<p>We start at 2 pm in the meadow behind the pond. The programme can be found on the leaflet, subject to change.</p>
<p>Flyer: <a href="https://vestec.cz/wp-content/uploads/2022/04/Detsky-den-2022-1.png">Children's Day_2022</a></p>
<p><img decoding="async" loading="lazy" class="alignnone wp-image-33676" src="https://vestec.cz/wp-content/uploads/2022/04/banera-zvirata-300x150.png" alt="" width="446" height="223" srcset="https://vestec.cz/wp-content/uploads/2022/04/banera-zvirata-300x150.png 300w, https://vestec.cz/wp-content/uploads/2022/04/banera-zvirata-1024x510.png 1024w, https://vestec.cz/wp-content/uploads/2022/04/banera-zvirata-768x383.png 768w, https://vestec.cz/wp-content/uploads/2022/04/banera-zvirata-18x9.png 18w, https://vestec.cz/wp-content/uploads/2022/04/banera-zvirata-960x478.png 960w, https://vestec.cz/wp-content/uploads/2022/04/banera-zvirata.png 1244w" sizes="(max-width: 446px) 100vw, 446px" /></p>
