{"id":39950,"date":"2025-08-19T13:37:22","date_gmt":"2025-08-19T11:37:22","guid":{"rendered":"https:\/\/vestec.cz\/?post_type=events&#038;p=39950"},"modified":"2025-08-19T13:37:22","modified_gmt":"2025-08-19T11:37:22","slug":"psi-hvezdy-na-cervenem-koberci-4","status":"publish","type":"events","link":"https:\/\/vestec.cz\/en\/events\/psi-hvezdy-na-cervenem-koberci-4\/","title":{"rendered":"Dog stars on the red carpet"},"content":{"rendered":"<p>Placement show of dogs, which are in the temporary care of the association PES Nejv\u011brn\u011bj\u0161\u00ed p\u0159\u00edtel, and other associations and shelters.<\/p>\n<p>Come and support a good cause, a rich programme, VIP guests and a raffle await you. On the meadow behind the Vestec pond from 10 am to 5 pm.<\/p>\n<p><img decoding=\"async\" loading=\"lazy\" class=\"alignnone size-medium wp-image-39952\" src=\"https:\/\/vestec.cz\/wp-content\/uploads\/2025\/08\/Hvezdy-Vestec-LETAK-A5--300x211.jpg\" alt=\"\" width=\"300\" height=\"211\" srcset=\"https:\/\/vestec.cz\/wp-content\/uploads\/2025\/08\/Hvezdy-Vestec-LETAK-A5--300x211.jpg 300w, https:\/\/vestec.cz\/wp-content\/uploads\/2025\/08\/Hvezdy-Vestec-LETAK-A5--1024x721.jpg 1024w, https:\/\/vestec.cz\/wp-content\/uploads\/2025\/08\/Hvezdy-Vestec-LETAK-A5--768x541.jpg 768w, https:\/\/vestec.cz\/wp-content\/uploads\/2025\/08\/Hvezdy-Vestec-LETAK-A5--1536x1082.jpg 1536w, https:\/\/vestec.cz\/wp-content\/uploads\/2025\/08\/Hvezdy-Vestec-LETAK-A5--18x12.jpg 18w, https:\/\/vestec.cz\/wp-content\/uploads\/2025\/08\/Hvezdy-Vestec-LETAK-A5--1533x1080.jpg 1533w, https:\/\/vestec.cz\/wp-content\/uploads\/2025\/08\/Hvezdy-Vestec-LETAK-A5--767x540.jpg 767w, https:\/\/vestec.cz\/wp-content\/uploads\/2025\/08\/Hvezdy-Vestec-LETAK-A5--1320x930.jpg 1320w, https:\/\/vestec.cz\/wp-content\/uploads\/2025\/08\/Hvezdy-Vestec-LETAK-A5-.jpg 2000w\" sizes=\"(max-width: 300px) 100vw, 300px\" \/><\/p>\n<p><a href=\"https:\/\/vestec.cz\/wp-content\/uploads\/2025\/08\/Hvezdy-Vestec-LETAK-A5_tiskove-pdf.pdf\">Ps\u00ed_Hv\u011bzdy_Vestec_251004.pdf<\/a><\/p>","protected":false},"template":"","acf":{"datum":"2025-10-04","uvodni_obrazek":"https:\/\/vestec.cz\/wp-content\/uploads\/2025\/08\/473647151_122137005662400343_8894314232010786834_n-e1755603415970-640x640.jpg"},"_links":{"self":[{"href":"https:\/\/vestec.cz\/en\/wp-json\/wp\/v2\/events\/39950"}],"collection":[{"href":"https:\/\/vestec.cz\/en\/wp-json\/wp\/v2\/events"}],"about":[{"href":"https:\/\/vestec.cz\/en\/wp-json\/wp\/v2\/types\/events"}],"wp:attachment":[{"href":"https:\/\/vestec.cz\/en\/wp-json\/wp\/v2\/media?parent=39950"}],"curies":[{"name":"wp","href":"https:\/\/api.w.org\/{rel}","templated":true}]}}

<p>Placement show of dogs, which are in the temporary care of the association PES Nejvěrnější přítel, and other associations and shelters.</p>
<p>Come and support a good cause, a rich programme, VIP guests and a raffle await you. On the meadow behind the Vestec pond from 10 am to 5 pm.</p>
<p><img decoding="async" loading="lazy" class="alignnone size-medium wp-image-39952" src="https://vestec.cz/wp-content/uploads/2025/08/Hvezdy-Vestec-LETAK-A5--300x211.jpg" alt="" width="300" height="211" srcset="https://vestec.cz/wp-content/uploads/2025/08/Hvezdy-Vestec-LETAK-A5--300x211.jpg 300w, https://vestec.cz/wp-content/uploads/2025/08/Hvezdy-Vestec-LETAK-A5--1024x721.jpg 1024w, https://vestec.cz/wp-content/uploads/2025/08/Hvezdy-Vestec-LETAK-A5--768x541.jpg 768w, https://vestec.cz/wp-content/uploads/2025/08/Hvezdy-Vestec-LETAK-A5--1536x1082.jpg 1536w, https://vestec.cz/wp-content/uploads/2025/08/Hvezdy-Vestec-LETAK-A5--18x12.jpg 18w, https://vestec.cz/wp-content/uploads/2025/08/Hvezdy-Vestec-LETAK-A5--1533x1080.jpg 1533w, https://vestec.cz/wp-content/uploads/2025/08/Hvezdy-Vestec-LETAK-A5--767x540.jpg 767w, https://vestec.cz/wp-content/uploads/2025/08/Hvezdy-Vestec-LETAK-A5--1320x930.jpg 1320w, https://vestec.cz/wp-content/uploads/2025/08/Hvezdy-Vestec-LETAK-A5-.jpg 2000w" sizes="(max-width: 300px) 100vw, 300px" /></p>
<p><a href="https://vestec.cz/wp-content/uploads/2025/08/Hvezdy-Vestec-LETAK-A5_tiskove-pdf.pdf">Psí_Hvězdy_Vestec_251004.pdf</a></p>
