{"id":40239,"date":"2025-09-16T21:31:45","date_gmt":"2025-09-16T19:31:45","guid":{"rendered":"https:\/\/vestec.cz\/?post_type=events&#038;p=40239"},"modified":"2025-09-26T12:52:10","modified_gmt":"2025-09-26T10:52:10","slug":"setkani-se-starostou","status":"publish","type":"events","link":"https:\/\/vestec.cz\/en\/events\/setkani-se-starostou\/","title":{"rendered":"Meeting with the Mayor"},"content":{"rendered":"<p>On Saturday, October 4, 2025, you can come again to discuss with the mayor and the municipality's leadership, from 10 a.m. to 1 p.m. at the Vestec Community Garden (between Ve Stromk\u00e1ch, Lipov\u00e1, M\u00e1chova streets).<\/p>\n<p>At the same time, we will be happy to re <strong>Introducing the Community Centre<\/strong>which now also reflects your suggestions from the earlier meeting. What kind of doctors will be in the Community Centre? How big will the community hall be? And will there also be meeting and social rooms or workshops for the public? Come and see examples of the visualisations. Saturday, Oct. 4 from 10 a.m. to 1 p.m. in the Community Garden.<\/p>","protected":false},"template":"","acf":{"datum":"2025-10-04","uvodni_obrazek":"https:\/\/vestec.cz\/wp-content\/uploads\/2025\/09\/setkavani_kzv_podzim-e1756967481166-640x640.png"},"_links":{"self":[{"href":"https:\/\/vestec.cz\/en\/wp-json\/wp\/v2\/events\/40239"}],"collection":[{"href":"https:\/\/vestec.cz\/en\/wp-json\/wp\/v2\/events"}],"about":[{"href":"https:\/\/vestec.cz\/en\/wp-json\/wp\/v2\/types\/events"}],"wp:attachment":[{"href":"https:\/\/vestec.cz\/en\/wp-json\/wp\/v2\/media?parent=40239"}],"curies":[{"name":"wp","href":"https:\/\/api.w.org\/{rel}","templated":true}]}}

<p>On Saturday, October 4, 2025, you can come again to discuss with the mayor and the municipality's leadership, from 10 a.m. to 1 p.m. at the Vestec Community Garden (between Ve Stromkách, Lipová, Máchova streets).</p>
<p>At the same time, we will be happy to re <strong>Introducing the Community Centre</strong>which now also reflects your suggestions from the earlier meeting. What kind of doctors will be in the Community Centre? How big will the community hall be? And will there also be meeting and social rooms or workshops for the public? Come and see examples of the visualisations. Saturday, Oct. 4 from 10 a.m. to 1 p.m. in the Community Garden.</p>
