{"id":41275,"date":"2026-01-29T13:36:08","date_gmt":"2026-01-29T12:36:08","guid":{"rendered":"https:\/\/vestec.cz\/?post_type=events&#038;p=41275"},"modified":"2026-04-21T10:16:08","modified_gmt":"2026-04-21T08:16:08","slug":"detsky-den-4","status":"publish","type":"events","link":"https:\/\/vestec.cz\/en\/events\/detsky-den-4\/","title":{"rendered":"Children's Day"},"content":{"rendered":"<p>D\u011btsk\u00fd den se spoustou z\u00e1bavy a aktivit pro d\u011bti. D\u011bti se mohou vydat na Putov\u00e1n\u00ed za vesteckou pe\u010det\u00ed, s hern\u00ed kartou obejdou stanovi\u0161t\u011b m\u00edstn\u00edch spolk\u016f a organizac\u00ed a spln\u00ed jednoduch\u00e9 \u00fakoly. Za vypln\u011bnou kartu od n\u00e1s dostanou odm\u011bnu.<\/p>\n<p>Po cel\u00e9 odpoledne mohou d\u011bti dov\u00e1d\u011bt na sk\u00e1kac\u00edch hradech, vyzkou\u0161et divok\u00e9ho b\u00fdka, stoln\u00ed fotb\u00e1lky, plavit se na raftech na rybn\u00edce, tvo\u0159it ve velk\u00e9 d\u0159ev\u011bn\u00e9 d\u00edln\u011b nebo vyzkou\u0161et malov\u00e1n\u00ed na obli\u010dej.<\/p>\n<p>Na podiu vystoup\u00ed d\u011bti z M\u0160 Vestec a tak\u00e9 vesteck\u00e9 ma\u017eoretky SympA Viktoria Vestec. V 17:00 n\u00e1s \u010dek\u00e1 spole\u010dn\u00e1 fotografie a p\u0159ekvapen\u00ed!<\/p>\n<p>Dnem prov\u00e1z\u00ed Pepa Kudrna. Vstup je zdarma.<\/p>\n<p>Bohat\u00e9 ob\u010derstven\u00ed a vratn\u00e9 kel\u00edmky jsou u\u017e tradi\u010dn\u00ed sou\u010d\u00e1st\u00ed ka\u017ed\u00e9 na\u0161\u00ed akce. Auta nechte zaparkovan\u00e1 doma a p\u0159ij\u010fte na louku za rybn\u00edk klidn\u011b p\u011b\u0161ky.<\/p>\n<p><img decoding=\"async\" loading=\"lazy\" class=\"alignnone  wp-image-41920\" src=\"https:\/\/vestec.cz\/wp-content\/uploads\/2026\/01\/final_DETSKY-DEN-2026-212x300.jpg\" alt=\"\" width=\"289\" height=\"409\" srcset=\"https:\/\/vestec.cz\/wp-content\/uploads\/2026\/01\/final_DETSKY-DEN-2026-212x300.jpg 212w, https:\/\/vestec.cz\/wp-content\/uploads\/2026\/01\/final_DETSKY-DEN-2026-724x1024.jpg 724w, https:\/\/vestec.cz\/wp-content\/uploads\/2026\/01\/final_DETSKY-DEN-2026-768x1086.jpg 768w, https:\/\/vestec.cz\/wp-content\/uploads\/2026\/01\/final_DETSKY-DEN-2026-1086x1536.jpg 1086w, https:\/\/vestec.cz\/wp-content\/uploads\/2026\/01\/final_DETSKY-DEN-2026-1448x2048.jpg 1448w, https:\/\/vestec.cz\/wp-content\/uploads\/2026\/01\/final_DETSKY-DEN-2026-8x12.jpg 8w, https:\/\/vestec.cz\/wp-content\/uploads\/2026\/01\/final_DETSKY-DEN-2026-764x1080.jpg 764w, https:\/\/vestec.cz\/wp-content\/uploads\/2026\/01\/final_DETSKY-DEN-2026-382x540.jpg 382w, https:\/\/vestec.cz\/wp-content\/uploads\/2026\/01\/final_DETSKY-DEN-2026-1320x1867.jpg 1320w, https:\/\/vestec.cz\/wp-content\/uploads\/2026\/01\/final_DETSKY-DEN-2026-scaled.jpg 1810w\" sizes=\"(max-width: 289px) 100vw, 289px\" \/><\/p>\n<p><a href=\"https:\/\/vestec.cz\/wp-content\/uploads\/2026\/01\/final_DETSKY-DEN-2026.pdf\">Plak\u00e1t_D\u011btsk\u00fd_den_2026.pdf<\/a><\/p>","protected":false},"template":"","acf":{"datum":"2026-05-30","uvodni_obrazek":"https:\/\/vestec.cz\/wp-content\/uploads\/2025\/06\/IMG_5844-1-640x640.jpg"},"_links":{"self":[{"href":"https:\/\/vestec.cz\/en\/wp-json\/wp\/v2\/events\/41275"}],"collection":[{"href":"https:\/\/vestec.cz\/en\/wp-json\/wp\/v2\/events"}],"about":[{"href":"https:\/\/vestec.cz\/en\/wp-json\/wp\/v2\/types\/events"}],"wp:attachment":[{"href":"https:\/\/vestec.cz\/en\/wp-json\/wp\/v2\/media?parent=41275"}],"curies":[{"name":"wp","href":"https:\/\/api.w.org\/{rel}","templated":true}]}}

<p>Dětský den se spoustou zábavy a aktivit pro děti. Děti se mohou vydat na Putování za vesteckou pečetí, s herní kartou obejdou stanoviště místních spolků a organizací a splní jednoduché úkoly. Za vyplněnou kartu od nás dostanou odměnu.</p>
<p>Po celé odpoledne mohou děti dovádět na skákacích hradech, vyzkoušet divokého býka, stolní fotbálky, plavit se na raftech na rybníce, tvořit ve velké dřevěné dílně nebo vyzkoušet malování na obličej.</p>
<p>Na podiu vystoupí děti z MŠ Vestec a také vestecké mažoretky SympA Viktoria Vestec. V 17:00 nás čeká společná fotografie a překvapení!</p>
<p>Dnem provází Pepa Kudrna. Vstup je zdarma.</p>
<p>Bohaté občerstvení a vratné kelímky jsou už tradiční součástí každé naší akce. Auta nechte zaparkovaná doma a přijďte na louku za rybník klidně pěšky.</p>
<p><img decoding="async" loading="lazy" class="alignnone  wp-image-41920" src="https://vestec.cz/wp-content/uploads/2026/01/final_DETSKY-DEN-2026-212x300.jpg" alt="" width="289" height="409" srcset="https://vestec.cz/wp-content/uploads/2026/01/final_DETSKY-DEN-2026-212x300.jpg 212w, https://vestec.cz/wp-content/uploads/2026/01/final_DETSKY-DEN-2026-724x1024.jpg 724w, https://vestec.cz/wp-content/uploads/2026/01/final_DETSKY-DEN-2026-768x1086.jpg 768w, https://vestec.cz/wp-content/uploads/2026/01/final_DETSKY-DEN-2026-1086x1536.jpg 1086w, https://vestec.cz/wp-content/uploads/2026/01/final_DETSKY-DEN-2026-1448x2048.jpg 1448w, https://vestec.cz/wp-content/uploads/2026/01/final_DETSKY-DEN-2026-8x12.jpg 8w, https://vestec.cz/wp-content/uploads/2026/01/final_DETSKY-DEN-2026-764x1080.jpg 764w, https://vestec.cz/wp-content/uploads/2026/01/final_DETSKY-DEN-2026-382x540.jpg 382w, https://vestec.cz/wp-content/uploads/2026/01/final_DETSKY-DEN-2026-1320x1867.jpg 1320w, https://vestec.cz/wp-content/uploads/2026/01/final_DETSKY-DEN-2026-scaled.jpg 1810w" sizes="(max-width: 289px) 100vw, 289px" /></p>
<p><a href="https://vestec.cz/wp-content/uploads/2026/01/final_DETSKY-DEN-2026.pdf">Plakát_Dětský_den_2026.pdf</a></p>
