{"id":41694,"date":"2026-03-25T16:36:58","date_gmt":"2026-03-25T15:36:58","guid":{"rendered":"https:\/\/vestec.cz\/?post_type=events&#038;p=41694"},"modified":"2026-03-27T12:28:57","modified_gmt":"2026-03-27T11:28:57","slug":"velikonocni-pomlazka-v-komunitni-zahrade-vestec","status":"publish","type":"events","link":"https:\/\/vestec.cz\/en\/events\/velikonocni-pomlazka-v-komunitni-zahrade-vestec\/","title":{"rendered":"Velikono\u010dn\u00ed poml\u00e1zka v Komunitn\u00ed zahrad\u011b Vestec"},"content":{"rendered":"<p>Za\u017eijte netradi\u010dn\u00ed velikono\u010dn\u00ed koledu na Komunitn\u00ed zahrad\u011b Vestec. Cel\u00e9 dopoledne mohou d\u011bti hledat ukryt\u00e9 zlat\u00e9 vejce a dal\u0161\u00ed dobroty od velikono\u010dn\u00edho zaj\u00ed\u010dka nebo si mohou ozdobit kraslici.<\/p>\n<p>Spole\u010dn\u011b dnes vybereme i jm\u00e9no na\u0161eho maskota &#8211; \u010dmel\u00e1ka.<\/p>\n<p>Dosp\u011bl\u00ed se mohou potkat a popov\u00eddat si u spole\u010dn\u00e9ho ob\u010derstven\u00ed\u00a0 &#8211; p\u0159isp\u011bjte na spole\u010dn\u00fd st\u016fl i va\u0161imi obl\u00edben\u00fdmi velikono\u010dn\u00edmi dobrotami, sladk\u00fdmi, slan\u00fdmi nebo tekut\u00fdmi. T\u011b\u0161\u00edme se na v\u00e1s!<\/p>\n<p>Na Velikono\u010dn\u00ed pond\u011bl\u00ed od 9:00 do 12:00 v Komunitn\u00ed zahrad\u011b Vestec (vstup z ulice M\u00e1chova).<\/p>\n<p><a href=\"https:\/\/vestec.cz\/wp-content\/uploads\/2026\/03\/VelikonoceKZV_2026_fin.png\">plak\u00e1t_Velikonoce_zahrada_2026<\/a><\/p>","protected":false},"template":"","acf":{"datum":"2026-04-06","uvodni_obrazek":"https:\/\/vestec.cz\/wp-content\/uploads\/2026\/03\/0V3A1900-640x640.jpg"},"_links":{"self":[{"href":"https:\/\/vestec.cz\/en\/wp-json\/wp\/v2\/events\/41694"}],"collection":[{"href":"https:\/\/vestec.cz\/en\/wp-json\/wp\/v2\/events"}],"about":[{"href":"https:\/\/vestec.cz\/en\/wp-json\/wp\/v2\/types\/events"}],"wp:attachment":[{"href":"https:\/\/vestec.cz\/en\/wp-json\/wp\/v2\/media?parent=41694"}],"curies":[{"name":"wp","href":"https:\/\/api.w.org\/{rel}","templated":true}]}}

Velikonoční pomlázka v Komunitní zahradě Vestec

<p>Zažijte netradiční velikonoční koledu na Komunitní zahradě Vestec. Celé dopoledne mohou děti hledat ukryté zlaté vejce a další dobroty od velikonočního zajíčka nebo si mohou ozdobit kraslici.</p>
<p>Společně dnes vybereme i jméno našeho maskota &#8211; čmeláka.</p>
<p>Dospělí se mohou potkat a popovídat si u společného občerstvení  &#8211; přispějte na společný stůl i vašimi oblíbenými velikonočními dobrotami, sladkými, slanými nebo tekutými. Těšíme se na vás!</p>
<p>Na Velikonoční pondělí od 9:00 do 12:00 v Komunitní zahradě Vestec (vstup z ulice Máchova).</p>
<p><a href="https://vestec.cz/wp-content/uploads/2026/03/VelikonoceKZV_2026_fin.png">plakát_Velikonoce_zahrada_2026</a></p>
