{"id":42841,"date":"2026-08-24T07:51:21","date_gmt":"2026-08-24T05:51:21","guid":{"rendered":"https:\/\/vestec.cz\/?post_type=events&#038;p=42841"},"modified":"2026-08-24T07:51:21","modified_gmt":"2026-08-24T05:51:21","slug":"posledni-moznost-podat-zadost-v-socialnim-programu-obce","status":"publish","type":"events","link":"https:\/\/vestec.cz\/en\/events\/posledni-moznost-podat-zadost-v-socialnim-programu-obce\/","title":{"rendered":"Posledn\u00ed mo\u017enost podat \u017e\u00e1dost v soci\u00e1ln\u00edm programu obce"},"content":{"rendered":"<p>Na st\u0159edu 30. 9. p\u0159ipad\u00e1 posledn\u00ed term\u00edn lh\u016fty pro pod\u00e1n\u00ed \u017e\u00e1dost\u00ed o p\u0159\u00edsp\u011bvek na bydlen\u00ed\/d\u00edt\u011b\/pro seniory v r\u00e1mci soci\u00e1ln\u00edho programu obce. \u017d\u00e1dosti je mo\u017en\u00e9 pod\u00e1vat v\u017edy od ledna do konce z\u00e1\u0159\u00ed ka\u017ed\u00e9ho roku.<\/p>\n<p>V\u00fdplaty budou prob\u00edhat po kontrole v\u0161ech p\u0159ijat\u00fdch \u017e\u00e1dost\u00ed v m\u011bs\u00edci listopadu nejprve p\u0159evodem na \u00fa\u010det, na p\u0159elomu listopadu a prosince pak prob\u011bhnou v\u00fdplaty v hotovosti. O term\u00ednu v\u00e1s budeme informovat.<\/p>","protected":false},"template":"","class_list":["post-42841","events","type-events","status-publish","hentry"],"acf":{"datum":"2026-09-30","uvodni_obrazek":"https:\/\/vestec.cz\/wp-content\/uploads\/2024\/09\/soc_program-640x640.jpg"},"_links":{"self":[{"href":"https:\/\/vestec.cz\/en\/wp-json\/wp\/v2\/events\/42841","targetHints":{"allow":["GET"]}}],"collection":[{"href":"https:\/\/vestec.cz\/en\/wp-json\/wp\/v2\/events"}],"about":[{"href":"https:\/\/vestec.cz\/en\/wp-json\/wp\/v2\/types\/events"}],"wp:attachment":[{"href":"https:\/\/vestec.cz\/en\/wp-json\/wp\/v2\/media?parent=42841"}],"curies":[{"name":"wp","href":"https:\/\/api.w.org\/{rel}","templated":true}]}}

Poslední možnost podat žádost v sociálním programu obce

<p>Na středu 30. 9. připadá poslední termín lhůty pro podání žádostí o příspěvek na bydlení/dítě/pro seniory v rámci sociálního programu obce. Žádosti je možné podávat vždy od ledna do konce září každého roku.</p>
<p>Výplaty budou probíhat po kontrole všech přijatých žádostí v měsíci listopadu nejprve převodem na účet, na přelomu listopadu a prosince pak proběhnou výplaty v hotovosti. O termínu vás budeme informovat.</p>
