{"id":38412,"date":"2024-11-01T09:20:05","date_gmt":"2024-11-01T08:20:05","guid":{"rendered":"https:\/\/vestec.cz\/?post_type=uredni_deska&#038;p=38412"},"modified":"2024-11-01T09:20:05","modified_gmt":"2024-11-01T08:20:05","slug":"opatreni-obecne-povahy-stanoveni-prechodne-upravy-provozu-na-pozemni-komunikaci-vestecka-rozsviceni-stromu-30-11-2024","status":"publish","type":"uredni_deska","link":"https:\/\/vestec.cz\/en\/uredni_deska\/opatreni-obecne-povahy-stanoveni-prechodne-upravy-provozu-na-pozemni-komunikaci-vestecka-rozsviceni-stromu-30-11-2024\/","title":{"rendered":"Measures of a general nature - establishment of temporary traffic arrangements on the road Vesteck\u00e1 - Tree lighting 30.11.2024"},"content":{"rendered":"<p>The Municipality of \u010cerno\u0161ice, OS\u00da - Department of Transport and Communications Administration, on the basis of the proposal of the Municipality of Vestec, I\u010cO 00507644, after consultation with the Police of the Czech Republic, Regional Police Directorate of the Central Bohemian Region, Territorial Department Prague Rural - South, establishes by a measure of a general nature a temporary traffic regulation on local roads ul. Vesteck\u00e1, K Jahod\u00e1rn\u011b, Pr\u016fb\u011b\u017en\u00e1 and Hrn\u010d\u00ed\u0159sk\u00e1 in the municipality of Vestec <strong>on 30.11.2024 from 14:00 - 20:00 due to the cultural event \"Lighting of the Christmas tree\". The temporary arrangement will be made according to the attached situation.<\/strong><\/p>\n<p><a href=\"https:\/\/vestec.cz\/wp-content\/uploads\/2024\/11\/04314_prech_uprava_provozu_strom_241130.pdf\">04314_OOP_TransitionalOperationAdjustment_Tree_241130.pdf<\/a><\/p>\n<p><a href=\"https:\/\/vestec.cz\/wp-content\/uploads\/2024\/11\/04314_Vestec-MK-vanocni-strom-obec-Vestec-SITUACE.pdf\">04314_situace_obj\u00ed\u017e\u010fka<\/a><\/p>","protected":false},"template":"","acf":[],"_links":{"self":[{"href":"https:\/\/vestec.cz\/en\/wp-json\/wp\/v2\/uredni_deska\/38412"}],"collection":[{"href":"https:\/\/vestec.cz\/en\/wp-json\/wp\/v2\/uredni_deska"}],"about":[{"href":"https:\/\/vestec.cz\/en\/wp-json\/wp\/v2\/types\/uredni_deska"}],"wp:attachment":[{"href":"https:\/\/vestec.cz\/en\/wp-json\/wp\/v2\/media?parent=38412"}],"curies":[{"name":"wp","href":"https:\/\/api.w.org\/{rel}","templated":true}]}}

Measures of a general nature - establishment of temporary traffic arrangements on the road Vestecká - Tree lighting 30.11.2024

<p>The Municipality of Černošice, OSÚ - Department of Transport and Communications Administration, on the basis of the proposal of the Municipality of Vestec, IČO 00507644, after consultation with the Police of the Czech Republic, Regional Police Directorate of the Central Bohemian Region, Territorial Department Prague Rural - South, establishes by a measure of a general nature a temporary traffic regulation on local roads ul. Vestecká, K Jahodárně, Průběžná and Hrnčířská in the municipality of Vestec <strong>on 30.11.2024 from 14:00 - 20:00 due to the cultural event "Lighting of the Christmas tree". The temporary arrangement will be made according to the attached situation.</strong></p>
<p><a href="https://vestec.cz/wp-content/uploads/2024/11/04314_prech_uprava_provozu_strom_241130.pdf">04314_OOP_TransitionalOperationAdjustment_Tree_241130.pdf</a></p>
<p><a href="https://vestec.cz/wp-content/uploads/2024/11/04314_Vestec-MK-vanocni-strom-obec-Vestec-SITUACE.pdf">04314_situace_objížďka</a></p>
