{"id":41436,"date":"2026-02-12T16:00:18","date_gmt":"2026-02-12T15:00:18","guid":{"rendered":"https:\/\/vestec.cz\/?post_type=uredni_deska&#038;p=41436"},"modified":"2026-02-12T16:00:18","modified_gmt":"2026-02-12T15:00:18","slug":"navrh-rozpoctu-pro-rok-2026-materska-skola-vestec-p-o","status":"publish","type":"uredni_deska","link":"https:\/\/vestec.cz\/en\/uredni_deska\/navrh-rozpoctu-pro-rok-2026-materska-skola-vestec-p-o\/","title":{"rendered":"N\u00e1vrh rozpo\u010dtu pro rok 2026 &#8211; Mate\u0159sk\u00e1 \u0161kola Vestec, p.o."},"content":{"rendered":"<p><a href=\"https:\/\/vestec.cz\/wp-content\/uploads\/2026\/02\/ROZPOCET-MS-VESTEC-2026_navrh_vcCerpani.pdf\">N\u00e1vrh rozpo\u010dtu na rok 2026 &#8211; Mate\u0159sk\u00e1 \u0161kola Vestec, p\u0159\u00edsp\u011bvkov\u00e1 organizace<\/a><\/p>","protected":false},"template":"","acf":[],"_links":{"self":[{"href":"https:\/\/vestec.cz\/en\/wp-json\/wp\/v2\/uredni_deska\/41436"}],"collection":[{"href":"https:\/\/vestec.cz\/en\/wp-json\/wp\/v2\/uredni_deska"}],"about":[{"href":"https:\/\/vestec.cz\/en\/wp-json\/wp\/v2\/types\/uredni_deska"}],"wp:attachment":[{"href":"https:\/\/vestec.cz\/en\/wp-json\/wp\/v2\/media?parent=41436"}],"curies":[{"name":"wp","href":"https:\/\/api.w.org\/{rel}","templated":true}]}}

Návrh rozpočtu pro rok 2026 &#8211; Mateřská škola Vestec, p.o.

<p><a href="https://vestec.cz/wp-content/uploads/2026/02/ROZPOCET-MS-VESTEC-2026_navrh_vcCerpani.pdf">Návrh rozpočtu na rok 2026 &#8211; Mateřská škola Vestec, příspěvková organizace</a></p>
