{"id":41724,"date":"2026-03-30T17:37:58","date_gmt":"2026-03-30T15:37:58","guid":{"rendered":"https:\/\/vestec.cz\/?post_type=uredni_deska&#038;p=41724"},"modified":"2026-03-30T17:39:07","modified_gmt":"2026-03-30T15:39:07","slug":"verejna-vyhlaska-sdeleni-a-vyzva-obnoveni-rizeni-o-vydani-spolecneho-povoleni-pro-stavbu-jesenice-8","status":"publish","type":"uredni_deska","link":"https:\/\/vestec.cz\/en\/uredni_deska\/verejna-vyhlaska-sdeleni-a-vyzva-obnoveni-rizeni-o-vydani-spolecneho-povoleni-pro-stavbu-jesenice-8\/","title":{"rendered":"Ve\u0159ejn\u00e1 vyhl\u00e1\u0161ka &#8211; Sd\u011blen\u00ed a v\u00fdzva &#8211; obnoven\u00ed \u0159\u00edzen\u00ed o vyd\u00e1n\u00ed spole\u010dn\u00e9ho povolen\u00ed pro stavbu &#8222;Jesenice 8&#8220;"},"content":{"rendered":"<p>Dopravn\u00ed a energetick\u00fd stavebn\u00ed \u00fa\u0159ad, Samostatn\u00e9 odd\u011blen\u00ed vyvlastn\u011bn\u00ed a pr\u00e1vn\u00edch \u010dinnost\u00ed Morava (d\u00e1le jen \u201eodvolac\u00ed spr\u00e1vn\u00ed org\u00e1n\u201c), obdr\u017eel dne 8. 12. 2025 spis s podan\u00fdm odvol\u00e1n\u00edm M\u011bsta Jesenice, I\u010cO 00241318 (d\u00e1le jen \u201eodvolatel\u201c) proti rozhodnut\u00ed odboru dopravy Krajsk\u00e9ho \u00fa\u0159adu St\u0159edo\u010desk\u00e9ho kraje (d\u00e1le jen \u201ekrajsk\u00fd stavebn\u00ed \u00fa\u0159ad\u201c) \u010d. j. 062342\/2024\/KUSK-DOP\/ROS ze dne 18. 6. 2024 (d\u00e1le jen \u201enapaden\u00e9 rozhodnut\u00ed\u201c), j\u00edm\u017e bylo rozhodnuto dle ust. \u00a7 100 odst. 1 ve spojen\u00ed s ust. \u00a7 149 odst. 9 z\u00e1kona \u010d. 500\/2004 Sb., spr\u00e1vn\u00ed \u0159\u00e1d, ve zn\u011bn\u00ed pozd\u011bj\u0161\u00edch p\u0159edpis\u016f (d\u00e1le jen \u201espr\u00e1vn\u00ed \u0159\u00e1d\u201c) o povolen\u00ed obnovy spr\u00e1vn\u00edho \u0159\u00edzen\u00ed Odboru dopravn\u00edch a spr\u00e1vn\u00edch agend M\u011bstsk\u00e9ho \u00fa\u0159adu \u010cerno\u0161ice sp. zn. 68640\/2018\/Sp, tj. o obnoven\u00ed \u0159\u00edzen\u00ed o vyd\u00e1n\u00ed spole\u010dn\u00e9ho povolen\u00ed pro stavbu:\u00a0<strong>\u201eV\u00fdstavba dopravn\u00ed infrastruktury a in\u017een\u00fdrsk\u00fdch s\u00edt\u00ed Jesenice 8 \u2013 dostavba \u00fazem\u00ed\u201c \u2013 v\u00fdstavba komunikac\u00ed, VO a de\u0161\u0165ov\u00e1 kanalizace (odvodn\u011bn\u00ed komunikac\u00ed)<\/strong><\/p>\n<p>na pozemku parc. \u010d. 733\/7, parc. \u010d. 733\/111, parc. \u010d. 733\/115, parc. \u010d. 733\/116, parc. \u010d. 733\/131, parc. \u010d. 733\/133, parc. \u010d. 733\/172, parc. \u010d. 733\/181, parc. \u010d. 733\/182, parc. \u010d. 733\/183, parc. \u010d. 733\/243, parc. \u010d. 823\/3 v katastr\u00e1ln\u00edm \u00fazem\u00ed Jesenice u Prahy (d\u00e1le jen \u201estavba\u201c). Stavebn\u00edkem \u0159e\u0161en\u00e9 stavby je spole\u010dnost GENIUS LOCI DEVELOPER, a.s., I\u010cO 26773830 (d\u00e1le jen \u201estavebn\u00edk\u201c).<br \/>\nVzhledem k tomu, \u017ee informace o podan\u00e9m odvol\u00e1n\u00ed nebyla sd\u011blena v\u0161em \u00fa\u010dastn\u00edk\u016fm \u0159\u00edzen\u00ed (podan\u00e9 odvol\u00e1n\u00ed bylo zasl\u00e1no a umo\u017en\u011bno se k n\u011bmu vyj\u00e1d\u0159it pouze stavebn\u00edkovi, a to p\u0159\u00edpisem Krajsk\u00e9ho \u00fa\u0159adu St\u0159edo\u010desk\u00e9ho kraje, odboru \u00fazemn\u00edho pl\u00e1nov\u00e1n\u00ed a krajsk\u00e9ho stavebn\u00edho \u00fa\u0159adu \u010d. j. 127916\/2025\/KUSK ze dne 15. 9. 2025), odvolac\u00ed spr\u00e1vn\u00ed org\u00e1n t\u00edmto uv\u011bdomuje o podan\u00e9m odvol\u00e1n\u00ed <strong>\u00fa\u010dastn\u00edky \u0159\u00edzen\u00ed s t\u00edm, \u017ee se k n\u011bmu mohou vyj\u00e1d\u0159it ve lh\u016ft\u011b 10 dn\u016f ode dne doru\u010den\u00ed tohoto sd\u011blen\u00ed.<\/strong><br \/>\nOdvolac\u00ed spr\u00e1vn\u00ed org\u00e1n t\u00edmto rovn\u011b\u017e sd\u011bluje v\u0161em \u00fa\u010dastn\u00edk\u016fm odvolac\u00edho \u0159\u00edzen\u00ed sp. zn. SZ DESU\/033412\/25\/P\u0160, \u017ee maj\u00ed podle ust. \u00a7 36 odst. 3 spr\u00e1vn\u00edho \u0159\u00e1du mo\u017enost se p\u0159ed vyd\u00e1n\u00edm rozhodnut\u00ed v p\u0159edm\u011btn\u00e9 v\u011bci sezn\u00e1mit s podklady pro vyd\u00e1n\u00ed rozhodnut\u00ed a <strong>vyj\u00e1d\u0159it se k dopln\u011bn\u00fdm podklad\u016fm i ke zp\u016fsobu jejich zji\u0161t\u011bn\u00ed, pop\u0159\u00edpad\u011b navrhnout jejich dopln\u011bn\u00ed ve lh\u016ft\u011b do 10 <\/strong><strong>dn\u016f ode dne doru\u010den\u00ed tohoto sd\u011blen\u00ed<\/strong>.<\/p>\n<p>\u00dapln\u00e9 zn\u011bn\u00ed Ve\u0159ejn\u00e9 vyhl\u00e1\u0161ky a Odvol\u00e1n\u00ed m\u011bsta Jesenice jako p\u0159\u00edloha k VV n\u00ed\u017ee.<\/p>\n<p><a href=\"https:\/\/vestec.cz\/wp-content\/uploads\/2026\/03\/01269_VV_DESU_Jesenice8.pdf\">01269_VV_DESU_Jesenice8.pdf<\/a><\/p>\n<p><a href=\"https:\/\/vestec.cz\/wp-content\/uploads\/2026\/03\/01269_VV_DESU_Jesenice8_priloha_odvolaniJesenice.pdf\">01269_VV_DESU_Jesenice8_p\u0159\u00edloha_odvolaniJesenice.pdf<\/a><\/p>","protected":false},"template":"","acf":[],"_links":{"self":[{"href":"https:\/\/vestec.cz\/en\/wp-json\/wp\/v2\/uredni_deska\/41724"}],"collection":[{"href":"https:\/\/vestec.cz\/en\/wp-json\/wp\/v2\/uredni_deska"}],"about":[{"href":"https:\/\/vestec.cz\/en\/wp-json\/wp\/v2\/types\/uredni_deska"}],"wp:attachment":[{"href":"https:\/\/vestec.cz\/en\/wp-json\/wp\/v2\/media?parent=41724"}],"curies":[{"name":"wp","href":"https:\/\/api.w.org\/{rel}","templated":true}]}}

Veřejná vyhláška &#8211; Sdělení a výzva &#8211; obnovení řízení o vydání společného povolení pro stavbu &#8222;Jesenice 8&#8220;

<p>Dopravní a energetický stavební úřad, Samostatné oddělení vyvlastnění a právních činností Morava (dále jen „odvolací správní orgán“), obdržel dne 8. 12. 2025 spis s podaným odvoláním Města Jesenice, IČO 00241318 (dále jen „odvolatel“) proti rozhodnutí odboru dopravy Krajského úřadu Středočeského kraje (dále jen „krajský stavební úřad“) č. j. 062342/2024/KUSK-DOP/ROS ze dne 18. 6. 2024 (dále jen „napadené rozhodnutí“), jímž bylo rozhodnuto dle ust. § 100 odst. 1 ve spojení s ust. § 149 odst. 9 zákona č. 500/2004 Sb., správní řád, ve znění pozdějších předpisů (dále jen „správní řád“) o povolení obnovy správního řízení Odboru dopravních a správních agend Městského úřadu Černošice sp. zn. 68640/2018/Sp, tj. o obnovení řízení o vydání společného povolení pro stavbu: <strong>„Výstavba dopravní infrastruktury a inženýrských sítí Jesenice 8 – dostavba území“ – výstavba komunikací, VO a dešťová kanalizace (odvodnění komunikací)</strong></p>
<p>na pozemku parc. č. 733/7, parc. č. 733/111, parc. č. 733/115, parc. č. 733/116, parc. č. 733/131, parc. č. 733/133, parc. č. 733/172, parc. č. 733/181, parc. č. 733/182, parc. č. 733/183, parc. č. 733/243, parc. č. 823/3 v katastrálním území Jesenice u Prahy (dále jen „stavba“). Stavebníkem řešené stavby je společnost GENIUS LOCI DEVELOPER, a.s., IČO 26773830 (dále jen „stavebník“).<br />
Vzhledem k tomu, že informace o podaném odvolání nebyla sdělena všem účastníkům řízení (podané odvolání bylo zasláno a umožněno se k němu vyjádřit pouze stavebníkovi, a to přípisem Krajského úřadu Středočeského kraje, odboru územního plánování a krajského stavebního úřadu č. j. 127916/2025/KUSK ze dne 15. 9. 2025), odvolací správní orgán tímto uvědomuje o podaném odvolání <strong>účastníky řízení s tím, že se k němu mohou vyjádřit ve lhůtě 10 dnů ode dne doručení tohoto sdělení.</strong><br />
Odvolací správní orgán tímto rovněž sděluje všem účastníkům odvolacího řízení sp. zn. SZ DESU/033412/25/PŠ, že mají podle ust. § 36 odst. 3 správního řádu možnost se před vydáním rozhodnutí v předmětné věci seznámit s podklady pro vydání rozhodnutí a <strong>vyjádřit se k doplněným podkladům i ke způsobu jejich zjištění, popřípadě navrhnout jejich doplnění ve lhůtě do 10 </strong><strong>dnů ode dne doručení tohoto sdělení</strong>.</p>
<p>Úplné znění Veřejné vyhlášky a Odvolání města Jesenice jako příloha k VV níže.</p>
<p><a href="https://vestec.cz/wp-content/uploads/2026/03/01269_VV_DESU_Jesenice8.pdf">01269_VV_DESU_Jesenice8.pdf</a></p>
<p><a href="https://vestec.cz/wp-content/uploads/2026/03/01269_VV_DESU_Jesenice8_priloha_odvolaniJesenice.pdf">01269_VV_DESU_Jesenice8_příloha_odvolaniJesenice.pdf</a></p>
