{"id":41935,"date":"2026-04-27T13:07:52","date_gmt":"2026-04-27T11:07:52","guid":{"rendered":"https:\/\/vestec.cz\/?post_type=uredni_deska&#038;p=41935"},"modified":"2026-04-27T13:13:28","modified_gmt":"2026-04-27T11:13:28","slug":"dso-dolnobrezansko-schvaleny-strednedoby-vyhled-rozpoctu-na-roky-2026-2028","status":"publish","type":"uredni_deska","link":"https:\/\/vestec.cz\/en\/uredni_deska\/dso-dolnobrezansko-schvaleny-strednedoby-vyhled-rozpoctu-na-roky-2026-2028\/","title":{"rendered":"DSO Dolnob\u0159e\u017eansko &#8211; schv\u00e1len\u00fd st\u0159edn\u011bdob\u00fd v\u00fdhled rozpo\u010dtu na roky 2026-2028"},"content":{"rendered":"<p>Rada Dobrovoln\u00e9ho svazku obc\u00ed Dolnob\u0159e\u017eansko schv\u00e1lila na sv\u00e9m zased\u00e1n\u00ed dne 10. 4. 2026 st\u0159edn\u011bdob\u00fd v\u00fdhled rozpo\u010dtu DSO Dolnob\u0159e\u017eansko na roky 2026-2028.<\/p>\n<p><a href=\"https:\/\/vestec.cz\/wp-content\/uploads\/2026\/04\/01700_schvaleny_Strednedoby_vyhled_na_roky_2026_2028_DSO_Dolnobrezansko.pdf\">01700_DSO_Dolnobrezansko_strednedobyVyhled_2026_2028.pdf<\/a><\/p>\n<p><a href=\"https:\/\/vestec.cz\/wp-content\/uploads\/2026\/04\/01700_zapis_o_schvaleni_rozpoctu_a_strednedobeho_planu.pdf\">01700_z\u00e1pis_RadaDSODolnobrezansko_260410.pdf<\/a><\/p>","protected":false},"template":"","acf":[],"_links":{"self":[{"href":"https:\/\/vestec.cz\/en\/wp-json\/wp\/v2\/uredni_deska\/41935"}],"collection":[{"href":"https:\/\/vestec.cz\/en\/wp-json\/wp\/v2\/uredni_deska"}],"about":[{"href":"https:\/\/vestec.cz\/en\/wp-json\/wp\/v2\/types\/uredni_deska"}],"wp:attachment":[{"href":"https:\/\/vestec.cz\/en\/wp-json\/wp\/v2\/media?parent=41935"}],"curies":[{"name":"wp","href":"https:\/\/api.w.org\/{rel}","templated":true}]}}

DSO Dolnobřežansko &#8211; schválený střednědobý výhled rozpočtu na roky 2026-2028

<p>Rada Dobrovolného svazku obcí Dolnobřežansko schválila na svém zasedání dne 10. 4. 2026 střednědobý výhled rozpočtu DSO Dolnobřežansko na roky 2026-2028.</p>
<p><a href="https://vestec.cz/wp-content/uploads/2026/04/01700_schvaleny_Strednedoby_vyhled_na_roky_2026_2028_DSO_Dolnobrezansko.pdf">01700_DSO_Dolnobrezansko_strednedobyVyhled_2026_2028.pdf</a></p>
<p><a href="https://vestec.cz/wp-content/uploads/2026/04/01700_zapis_o_schvaleni_rozpoctu_a_strednedobeho_planu.pdf">01700_zápis_RadaDSODolnobrezansko_260410.pdf</a></p>
