{"id":41955,"date":"2026-04-29T18:21:18","date_gmt":"2026-04-29T16:21:18","guid":{"rendered":"https:\/\/vestec.cz\/?post_type=uredni_deska&#038;p=41955"},"modified":"2026-04-29T18:21:18","modified_gmt":"2026-04-29T16:21:18","slug":"vyuctovani-vodne-a-stocne-za-rok-2025-obec-vestec","status":"publish","type":"uredni_deska","link":"https:\/\/vestec.cz\/en\/uredni_deska\/vyuctovani-vodne-a-stocne-za-rok-2025-obec-vestec\/","title":{"rendered":"Vy\u00fa\u010dtov\u00e1n\u00ed vodn\u00e9 a sto\u010dn\u00e9 za rok 2025 &#8211; obec Vestec"},"content":{"rendered":"<p><a href=\"https:\/\/vestec.cz\/wp-content\/uploads\/2026\/04\/Vyuctovani_Vestec_2025_VESTEC_ZONA_1_SFZP_podepsana.pdf\">Vy\u00fa\u010dtov\u00e1n\u00ed vodn\u00e9 a sto\u010dn\u00e9 &#8211; rok 2025 &#8211; ZONA 1<\/a><\/p>\n<p><a href=\"https:\/\/vestec.cz\/wp-content\/uploads\/2026\/04\/Vyuctovani_Vestec_2025_VESTEC_ZONA_2_podepsana.pdf\">Vy\u00fa\u010dtov\u00e1n\u00ed vodn\u00e9 a sto\u010dn\u00e9 &#8211; rok 2025 &#8211; ZONA 2<\/a><\/p>","protected":false},"template":"","acf":[],"_links":{"self":[{"href":"https:\/\/vestec.cz\/en\/wp-json\/wp\/v2\/uredni_deska\/41955"}],"collection":[{"href":"https:\/\/vestec.cz\/en\/wp-json\/wp\/v2\/uredni_deska"}],"about":[{"href":"https:\/\/vestec.cz\/en\/wp-json\/wp\/v2\/types\/uredni_deska"}],"wp:attachment":[{"href":"https:\/\/vestec.cz\/en\/wp-json\/wp\/v2\/media?parent=41955"}],"curies":[{"name":"wp","href":"https:\/\/api.w.org\/{rel}","templated":true}]}}

Vyúčtování vodné a stočné za rok 2025 &#8211; obec Vestec

<p><a href="https://vestec.cz/wp-content/uploads/2026/04/Vyuctovani_Vestec_2025_VESTEC_ZONA_1_SFZP_podepsana.pdf">Vyúčtování vodné a stočné &#8211; rok 2025 &#8211; ZONA 1</a></p>
<p><a href="https://vestec.cz/wp-content/uploads/2026/04/Vyuctovani_Vestec_2025_VESTEC_ZONA_2_podepsana.pdf">Vyúčtování vodné a stočné &#8211; rok 2025 &#8211; ZONA 2</a></p>
